Last updated on 2024-06-30 02:58:36 CEST.
Flavor | Version | Tinstall | Tcheck | Ttotal | Status | Flags |
---|---|---|---|---|---|---|
r-devel-linux-x86_64-debian-clang | 0.3.0 | 691.92 | 175.90 | 867.82 | OK | |
r-devel-linux-x86_64-debian-gcc | 0.3.0 | 548.46 | 134.07 | 682.53 | OK | |
r-devel-linux-x86_64-fedora-clang | 0.3.0 | 1390.45 | NOTE | |||
r-devel-linux-x86_64-fedora-gcc | 0.3.0 | 1571.81 | OK | |||
r-devel-windows-x86_64 | 0.3.0 | 644.00 | 177.00 | 821.00 | NOTE | |
r-patched-linux-x86_64 | 0.3.0 | 637.40 | 168.70 | 806.10 | OK | |
r-release-linux-x86_64 | 0.3.0 | 633.43 | 167.87 | 801.30 | OK | |
r-release-macos-arm64 | 0.3.0 | 278.00 | NOTE | |||
r-release-macos-x86_64 | 0.3.0 | 348.00 | NOTE | |||
r-release-windows-x86_64 | 0.3.0 | 628.00 | 175.00 | 803.00 | NOTE | |
r-oldrel-macos-arm64 | 0.3.0 | 298.00 | NOTE | |||
r-oldrel-macos-x86_64 | 0.3.0 | 383.00 | NOTE | |||
r-oldrel-windows-x86_64 | 0.3.0 | 765.00 | 217.00 | 982.00 | NOTE |
Version: 0.3.0
Check: installed package size
Result: NOTE
installed size is 9.1Mb
sub-directories of 1Mb or more:
doc 5.1Mb
libs 3.4Mb
Flavors: r-devel-linux-x86_64-fedora-clang, r-devel-windows-x86_64, r-release-macos-arm64, r-release-macos-x86_64, r-release-windows-x86_64, r-oldrel-macos-arm64, r-oldrel-macos-x86_64, r-oldrel-windows-x86_64