Last updated on 2024-06-30 02:58:37 CEST.
Flavor | Version | Tinstall | Tcheck | Ttotal | Status | Flags |
---|---|---|---|---|---|---|
r-devel-linux-x86_64-debian-clang | 1.1.1 | 292.99 | 80.82 | 373.81 | OK | |
r-devel-linux-x86_64-debian-gcc | 1.1.1 | 201.59 | 62.94 | 264.53 | OK | |
r-devel-linux-x86_64-fedora-clang | 1.1.1 | 559.87 | OK | |||
r-devel-linux-x86_64-fedora-gcc | 1.1.1 | 584.55 | OK | |||
r-devel-windows-x86_64 | 1.1.1 | 224.00 | 122.00 | 346.00 | OK | |
r-patched-linux-x86_64 | 1.1.1 | 241.68 | 83.04 | 324.72 | OK | |
r-release-linux-x86_64 | 1.1.1 | 250.29 | 83.04 | 333.33 | OK | |
r-release-macos-arm64 | 1.1.1 | 103.00 | NOTE | |||
r-release-macos-x86_64 | 1.1.1 | 133.00 | NOTE | |||
r-release-windows-x86_64 | 1.1.1 | 224.00 | 117.00 | 341.00 | OK | |
r-oldrel-macos-arm64 | 1.1.1 | 110.00 | NOTE | |||
r-oldrel-macos-x86_64 | 1.1.1 | 190.00 | NOTE | |||
r-oldrel-windows-x86_64 | 1.1.1 | 268.00 | 127.00 | 395.00 | OK |
Version: 1.1.1
Check: installed package size
Result: NOTE
installed size is 33.2Mb
sub-directories of 1Mb or more:
libs 32.9Mb
Flavors: r-release-macos-arm64, r-release-macos-x86_64, r-oldrel-macos-arm64, r-oldrel-macos-x86_64