Last updated on 2024-06-30 02:58:37 CEST.
Flavor | Version | Tinstall | Tcheck | Ttotal | Status | Flags |
---|---|---|---|---|---|---|
r-devel-linux-x86_64-debian-clang | 1.7-7 | 25.71 | 188.77 | 214.48 | NOTE | |
r-devel-linux-x86_64-debian-gcc | 1.7-7 | 23.41 | 143.65 | 167.06 | NOTE | |
r-devel-linux-x86_64-fedora-clang | 1.7-7 | 276.75 | NOTE | |||
r-devel-linux-x86_64-fedora-gcc | 1.7-7 | 279.30 | NOTE | |||
r-devel-windows-x86_64 | 1.7-7 | 32.00 | 188.00 | 220.00 | NOTE | |
r-patched-linux-x86_64 | 1.7-7 | 32.14 | 179.88 | 212.02 | OK | |
r-release-linux-x86_64 | 1.7-7 | 28.33 | 181.18 | 209.51 | OK | |
r-release-macos-arm64 | 1.7-7 | 82.00 | OK | |||
r-release-macos-x86_64 | 1.7-7 | 130.00 | OK | |||
r-release-windows-x86_64 | 1.7-7 | 32.00 | 188.00 | 220.00 | OK | |
r-oldrel-macos-arm64 | 1.7-7 | 89.00 | OK | |||
r-oldrel-macos-x86_64 | 1.7-7 | 242.00 | OK | |||
r-oldrel-windows-x86_64 | 1.7-7 | 37.00 | 221.00 | 258.00 | OK |
Version: 1.7-7
Check: compiled code
Result: NOTE
File ‘arules/libs/arules.so’:
Found non-API call to R: ‘Rf_NonNullStringMatch’
Compiled code should not call non-API entry points in R.
See ‘Writing portable packages’ in the ‘Writing R Extensions’ manual.
See section ‘Moving into C API compliance’ in the ‘Writing R
Extensions’ manual for issues with use of non-API entry points.
Flavors: r-devel-linux-x86_64-debian-clang, r-devel-linux-x86_64-debian-gcc, r-devel-linux-x86_64-fedora-clang, r-devel-linux-x86_64-fedora-gcc
Version: 1.7-7
Check: compiled code
Result: NOTE
File 'arules/libs/x64/arules.dll':
Found non-API call to R: 'Rf_NonNullStringMatch'
Compiled code should not call non-API entry points in R.
See 'Writing portable packages' in the 'Writing R Extensions' manual.
See section 'Moving into C API compliance' in the 'Writing R
Extensions' manual for issues with use of non-API entry points.
Flavor: r-devel-windows-x86_64