Last updated on 2024-08-16 03:49:18 CEST.
Flavor | Version | Tinstall | Tcheck | Ttotal | Status | Flags |
---|---|---|---|---|---|---|
r-devel-linux-x86_64-debian-clang | 1.1 | 27.11 | 254.73 | 281.84 | OK | |
r-devel-linux-x86_64-debian-gcc | 1.1 | 22.84 | 175.87 | 198.71 | OK | |
r-devel-linux-x86_64-fedora-clang | 1.1 | 468.14 | OK | |||
r-devel-linux-x86_64-fedora-gcc | 1.1 | 435.36 | OK | |||
r-devel-windows-x86_64 | 1.1 | 30.00 | 237.00 | 267.00 | OK | |
r-patched-linux-x86_64 | 1.1 | 30.26 | 237.70 | 267.96 | OK | |
r-release-linux-x86_64 | 1.1 | 28.41 | 239.43 | 267.84 | OK | |
r-release-macos-arm64 | 1.1 | 122.00 | OK | |||
r-release-macos-x86_64 | 1.1 | 197.00 | OK | |||
r-release-windows-x86_64 | 1.1 | 31.00 | 236.00 | 267.00 | OK | |
r-oldrel-macos-arm64 | 1.1 | 139.00 | NOTE | |||
r-oldrel-macos-x86_64 | 1.1 | 250.00 | NOTE | |||
r-oldrel-windows-x86_64 | 1.1 | 41.00 | 311.00 | 352.00 | OK |
Version: 1.1
Check: package dependencies
Result: NOTE
Package suggested but not available for checking: ‘ArrayExpress’
Flavors: r-oldrel-macos-arm64, r-oldrel-macos-x86_64