Last updated on 2024-06-17 03:49:45 CEST.
Flavor | Version | Tinstall | Tcheck | Ttotal | Status | Flags |
---|---|---|---|---|---|---|
r-devel-linux-x86_64-debian-clang | 2.1.2.0 | 53.03 | 312.91 | 365.94 | OK | |
r-devel-linux-x86_64-debian-gcc | 2.1.2.0 | 43.46 | 228.28 | 271.74 | OK | |
r-devel-linux-x86_64-fedora-clang | 2.1.2.0 | 461.31 | NOTE | |||
r-devel-linux-x86_64-fedora-gcc | 2.1.2.0 | 438.02 | OK | |||
r-devel-windows-x86_64 | 2.1.2.0 | 34.00 | 220.00 | 254.00 | NOTE | |
r-patched-linux-x86_64 | 2.1.2.0 | 43.96 | 293.02 | 336.98 | OK | |
r-release-linux-x86_64 | 2.1.2.0 | 35.79 | 300.62 | 336.41 | OK | |
r-release-macos-arm64 | 2.1.2.0 | 121.00 | NOTE | |||
r-release-macos-x86_64 | 2.1.2.0 | 181.00 | NOTE | |||
r-release-windows-x86_64 | 2.1.2.0 | 35.00 | 226.00 | 261.00 | NOTE | |
r-oldrel-macos-arm64 | 2.1.2.0 | 118.00 | NOTE | |||
r-oldrel-macos-x86_64 | 2.1.2.0 | 305.00 | NOTE | |||
r-oldrel-windows-x86_64 | 2.1.2.0 | 47.00 | 285.00 | 332.00 | NOTE |
Version: 2.1.2.0
Check: installed package size
Result: NOTE
installed size is 5.3Mb
sub-directories of 1Mb or more:
data 3.7Mb
doc 1.0Mb
Flavors: r-devel-linux-x86_64-fedora-clang, r-devel-windows-x86_64, r-release-macos-arm64, r-release-macos-x86_64, r-release-windows-x86_64, r-oldrel-macos-arm64, r-oldrel-macos-x86_64, r-oldrel-windows-x86_64