Last updated on 2024-06-30 02:58:37 CEST.
Flavor | Version | Tinstall | Tcheck | Ttotal | Status | Flags |
---|---|---|---|---|---|---|
r-devel-linux-x86_64-debian-clang | 1.9.1 | 2.74 | 50.95 | 53.69 | NOTE | |
r-devel-linux-x86_64-debian-gcc | 1.9.1 | 2.66 | 38.19 | 40.85 | NOTE | |
r-devel-linux-x86_64-fedora-clang | 1.9.1 | 70.09 | NOTE | |||
r-devel-linux-x86_64-fedora-gcc | 1.9.1 | 66.13 | NOTE | |||
r-devel-windows-x86_64 | 1.9.1 | 5.00 | 65.00 | 70.00 | NOTE | |
r-patched-linux-x86_64 | 1.9.1 | 4.31 | 48.97 | 53.28 | NOTE | |
r-release-linux-x86_64 | 1.9.1 | 3.86 | 48.25 | 52.11 | NOTE | |
r-release-macos-arm64 | 1.9.1 | 25.00 | NOTE | |||
r-release-macos-x86_64 | 1.9.1 | 43.00 | NOTE | |||
r-release-windows-x86_64 | 1.9.1 | 5.00 | 65.00 | 70.00 | NOTE | |
r-oldrel-macos-arm64 | 1.9.1 | 27.00 | NOTE | |||
r-oldrel-macos-x86_64 | 1.9.1 | 39.00 | NOTE | |||
r-oldrel-windows-x86_64 | 1.9.1 | 5.00 | 71.00 | 76.00 | NOTE |
Version: 1.9.1
Check: package dependencies
Result: NOTE
Package suggested but not available for checking: ‘ffbase’
Flavors: r-devel-linux-x86_64-debian-clang, r-devel-linux-x86_64-debian-gcc, r-devel-linux-x86_64-fedora-clang, r-devel-linux-x86_64-fedora-gcc, r-devel-windows-x86_64, r-patched-linux-x86_64, r-release-linux-x86_64, r-release-macos-arm64, r-release-macos-x86_64, r-release-windows-x86_64, r-oldrel-macos-arm64, r-oldrel-macos-x86_64, r-oldrel-windows-x86_64