Last updated on 2024-07-16 15:48:06 CEST.
Flavor | Version | Tinstall | Tcheck | Ttotal | Status | Flags |
---|---|---|---|---|---|---|
r-devel-linux-x86_64-debian-clang | 0.9-3 | 4.39 | 33.50 | 37.89 | NOTE | |
r-devel-linux-x86_64-debian-gcc | 0.9-3 | 3.42 | 25.37 | 28.79 | NOTE | |
r-devel-linux-x86_64-fedora-clang | 0.9-3 | 48.26 | NOTE | |||
r-devel-linux-x86_64-fedora-gcc | 0.9-3 | 46.60 | OK | |||
r-devel-windows-x86_64 | 0.9-3 | 9.00 | 47.00 | 56.00 | OK | |
r-patched-linux-x86_64 | 0.9-3 | 3.58 | 31.09 | 34.67 | NOTE | |
r-release-linux-x86_64 | 0.9-3 | 3.91 | 32.12 | 36.03 | NOTE | |
r-release-macos-arm64 | 0.9-3 | 33.00 | OK | |||
r-release-macos-x86_64 | 0.9-3 | 78.00 | OK | |||
r-release-windows-x86_64 | 0.9-3 | 8.00 | 47.00 | 55.00 | OK | |
r-oldrel-macos-arm64 | 0.9-3 | 37.00 | OK | |||
r-oldrel-macos-x86_64 | 0.9-3 | 85.00 | OK | |||
r-oldrel-windows-x86_64 | 0.9-3 | 10.00 | 52.00 | 62.00 | OK |
Version: 0.9-3
Check: R code for possible problems
Result: NOTE
Found the following calls to data() loading into the global environment:
File ‘biglm/R/bigglm.R’:
data(reset = TRUE)
data(reset = FALSE)
See section ‘Good practice’ in ‘?data’.
Flavors: r-devel-linux-x86_64-debian-clang, r-devel-linux-x86_64-debian-gcc, r-devel-linux-x86_64-fedora-clang, r-patched-linux-x86_64, r-release-linux-x86_64