Last updated on 2024-06-30 02:58:37 CEST.
Flavor | Version | Tinstall | Tcheck | Ttotal | Status | Flags |
---|---|---|---|---|---|---|
r-devel-linux-x86_64-debian-clang | 0.7.1 | 96.04 | 82.53 | 178.57 | OK | |
r-devel-linux-x86_64-debian-gcc | 0.7.1 | 61.29 | 60.91 | 122.20 | OK | |
r-devel-linux-x86_64-fedora-clang | 0.7.1 | 240.87 | NOTE | |||
r-devel-linux-x86_64-fedora-gcc | 0.7.1 | 239.17 | NOTE | |||
r-devel-windows-x86_64 | 0.7.1 | 91.00 | 94.00 | 185.00 | OK | |
r-patched-linux-x86_64 | 0.7.1 | 69.80 | 77.74 | 147.54 | OK | |
r-release-linux-x86_64 | 0.7.1 | 74.67 | 76.90 | 151.57 | OK | |
r-release-macos-arm64 | 0.7.1 | 56.00 | OK | |||
r-release-macos-x86_64 | 0.7.1 | 86.00 | OK | |||
r-release-windows-x86_64 | 0.7.1 | 89.00 | 94.00 | 183.00 | OK | |
r-oldrel-macos-arm64 | 0.7.1 | 63.00 | OK | |||
r-oldrel-macos-x86_64 | 0.7.1 | 111.00 | OK | |||
r-oldrel-windows-x86_64 | 0.7.1 | 107.00 | 113.00 | 220.00 | OK |
Version: 0.7.1
Check: dependencies in R code
Result: NOTE
Namespace in Imports field not imported from: ‘rmio’
All declared Imports should be used.
Flavors: r-devel-linux-x86_64-fedora-clang, r-devel-linux-x86_64-fedora-gcc