Last updated on 2024-06-30 02:58:38 CEST.
Flavor | Version | Tinstall | Tcheck | Ttotal | Status | Flags |
---|---|---|---|---|---|---|
r-devel-linux-x86_64-debian-clang | 1.1.5 | 99.42 | 65.66 | 165.08 | OK | |
r-devel-linux-x86_64-debian-gcc | 1.1.5 | 68.05 | 48.78 | 116.83 | OK | |
r-devel-linux-x86_64-fedora-clang | 1.1.5 | 233.91 | OK | |||
r-devel-linux-x86_64-fedora-gcc | 1.1.5 | 237.59 | OK | |||
r-devel-windows-x86_64 | 1.1.5 | 74.00 | 88.00 | 162.00 | OK | |
r-patched-linux-x86_64 | 1.1.5 | 78.06 | 60.77 | 138.83 | OK | |
r-release-linux-x86_64 | 1.1.5 | 79.87 | 62.67 | 142.54 | OK | |
r-release-macos-arm64 | 1.1.5 | 57.00 | NOTE | |||
r-release-macos-x86_64 | 1.1.5 | 84.00 | NOTE | |||
r-release-windows-x86_64 | 1.1.5 | 75.00 | 90.00 | 165.00 | OK | |
r-oldrel-macos-arm64 | 1.1.5 | 65.00 | NOTE | |||
r-oldrel-macos-x86_64 | 1.1.5 | 110.00 | NOTE | |||
r-oldrel-windows-x86_64 | 1.1.5 | 91.00 | 102.00 | 193.00 | OK |
Version: 1.1.5
Check: installed package size
Result: NOTE
installed size is 13.5Mb
sub-directories of 1Mb or more:
libs 13.0Mb
Flavors: r-release-macos-arm64, r-release-macos-x86_64, r-oldrel-macos-arm64, r-oldrel-macos-x86_64