Last updated on 2024-08-16 15:49:28 CEST.
Flavor | Version | Tinstall | Tcheck | Ttotal | Status | Flags |
---|---|---|---|---|---|---|
r-devel-linux-x86_64-debian-clang | 1.0.1 | 13.79 | 111.91 | 125.70 | OK | |
r-devel-linux-x86_64-debian-gcc | 1.0.1 | 10.69 | 84.47 | 95.16 | OK | |
r-devel-linux-x86_64-fedora-clang | 1.0.1 | 209.32 | NOTE | |||
r-devel-linux-x86_64-fedora-gcc | 1.0.1 | 202.12 | OK | |||
r-devel-windows-x86_64 | 1.0.1 | 15.00 | 117.00 | 132.00 | OK | |
r-patched-linux-x86_64 | 1.0.1 | 14.46 | 108.45 | 122.91 | OK | |
r-release-linux-x86_64 | 1.0.1 | 14.17 | 108.05 | 122.22 | OK | |
r-release-macos-arm64 | 1.0.1 | 65.00 | OK | |||
r-release-macos-x86_64 | 1.0.1 | 98.00 | OK | |||
r-release-windows-x86_64 | 1.0.1 | 17.00 | 117.00 | 134.00 | OK | |
r-oldrel-macos-arm64 | 1.0.1 | 71.00 | OK | |||
r-oldrel-macos-x86_64 | 1.0.1 | 109.00 | OK | |||
r-oldrel-windows-x86_64 | 1.0.1 | 21.00 | 142.00 | 163.00 | OK |
Version: 1.0.1
Check: whether startup messages can be suppressed
Result: NOTE
OMP: Warning #96: Cannot form a team with 24 threads, using 2 instead.
OMP: Hint Consider unsetting KMP_DEVICE_THREAD_LIMIT (KMP_ALL_THREADS), KMP_TEAMS_THREAD_LIMIT, and OMP_THREAD_LIMIT (if any are set).
It looks like this package (or a package it requires) has a startup
message which cannot be suppressed: see ?packageStartupMessage.
Flavor: r-devel-linux-x86_64-fedora-clang