Last updated on 2024-06-30 03:55:08 CEST.
Flavor | Version | Tinstall | Tcheck | Ttotal | Status | Flags |
---|---|---|---|---|---|---|
r-devel-linux-x86_64-debian-clang | 2.2.4 | 11.98 | 566.31 | 578.29 | NOTE | |
r-devel-linux-x86_64-debian-gcc | 2.2.4 | 7.28 | 389.17 | 396.45 | NOTE | |
r-devel-linux-x86_64-fedora-clang | 2.2.4 | 653.64 | NOTE | |||
r-devel-linux-x86_64-fedora-gcc | 2.2.4 | 637.51 | NOTE | |||
r-devel-windows-x86_64 | 2.2.4 | 14.00 | 403.00 | 417.00 | NOTE | |
r-patched-linux-x86_64 | 2.2.4 | 12.23 | 524.29 | 536.52 | NOTE | |
r-release-linux-x86_64 | 2.2.4 | 10.12 | 535.79 | 545.91 | NOTE | |
r-release-macos-arm64 | 2.2.4 | 168.00 | NOTE | |||
r-release-macos-x86_64 | 2.2.4 | 307.00 | NOTE | |||
r-release-windows-x86_64 | 2.2.4 | 15.00 | 404.00 | 419.00 | NOTE | |
r-oldrel-macos-arm64 | 2.2.4 | 122.00 | OK | |||
r-oldrel-macos-x86_64 | 2.2.4 | 227.00 | OK | |||
r-oldrel-windows-x86_64 | 2.2.4 | 18.00 | 518.00 | 536.00 | OK |
Version: 2.2.4
Check: Rd files
Result: NOTE
checkRd: (-1) ftse100.Rd:8: Lost braces; missing escapes or markup?
8 | This dataset gives the daily returns (c_{t+1}/c_t -1) of the UK FTSE 100 index from 2nd April 1984 until the 13th September 2012.
| ^
Flavors: r-devel-linux-x86_64-debian-clang, r-devel-linux-x86_64-debian-gcc, r-devel-linux-x86_64-fedora-clang, r-devel-linux-x86_64-fedora-gcc, r-devel-windows-x86_64, r-patched-linux-x86_64, r-release-linux-x86_64, r-release-macos-arm64, r-release-macos-x86_64, r-release-windows-x86_64