Last updated on 2024-06-30 03:55:08 CEST.
Flavor | Version | Tinstall | Tcheck | Ttotal | Status | Flags |
---|---|---|---|---|---|---|
r-devel-linux-x86_64-debian-clang | 1.6.0 | 79.37 | 26.88 | 106.25 | OK | |
r-devel-linux-x86_64-debian-gcc | 1.6.0 | 53.87 | 21.06 | 74.93 | OK | |
r-devel-linux-x86_64-fedora-clang | 1.6.0 | 189.99 | OK | |||
r-devel-linux-x86_64-fedora-gcc | 1.6.0 | 170.77 | OK | |||
r-devel-windows-x86_64 | 1.6.0 | 68.00 | 67.00 | 135.00 | OK | |
r-patched-linux-x86_64 | 1.6.0 | 68.41 | 25.70 | 94.11 | OK | |
r-release-linux-x86_64 | 1.6.0 | 70.67 | 26.14 | 96.81 | OK | |
r-release-macos-arm64 | 1.6.0 | 45.00 | NOTE | |||
r-release-macos-x86_64 | 1.6.0 | 49.00 | NOTE | |||
r-release-windows-x86_64 | 1.6.0 | 69.00 | 67.00 | 136.00 | OK | |
r-oldrel-macos-arm64 | 1.6.0 | 102.00 | NOTE | |||
r-oldrel-macos-x86_64 | 1.6.0 | 58.00 | NOTE | |||
r-oldrel-windows-x86_64 | 1.6.0 | 65.00 | 109.00 | 174.00 | OK |
Version: 1.6.0
Check: installed package size
Result: NOTE
installed size is 9.3Mb
sub-directories of 1Mb or more:
libs 9.3Mb
Flavors: r-release-macos-arm64, r-release-macos-x86_64, r-oldrel-macos-arm64, r-oldrel-macos-x86_64