Last updated on 2024-08-16 03:49:20 CEST.
Flavor | Version | Tinstall | Tcheck | Ttotal | Status | Flags |
---|---|---|---|---|---|---|
r-devel-linux-x86_64-debian-clang | 2.0-8 | 21.59 | 210.34 | 231.93 | NOTE | |
r-devel-linux-x86_64-debian-gcc | 2.0-8 | 15.95 | 137.28 | 153.23 | NOTE | |
r-devel-linux-x86_64-fedora-clang | 2.0-8 | 371.22 | OK | |||
r-devel-linux-x86_64-fedora-gcc | 2.0-8 | 370.26 | OK | |||
r-devel-windows-x86_64 | 2.0-8 | 27.00 | 268.00 | 295.00 | NOTE | |
r-patched-linux-x86_64 | 2.0-8 | 31.07 | 192.82 | 223.89 | OK | |
r-release-linux-x86_64 | 2.0-8 | 20.19 | 194.62 | 214.81 | OK | |
r-release-macos-arm64 | 2.0-8 | 91.00 | OK | |||
r-release-macos-x86_64 | 2.0-8 | 175.00 | OK | |||
r-release-windows-x86_64 | 2.0-8 | 26.00 | 267.00 | 293.00 | OK | |
r-oldrel-macos-arm64 | 2.0-8 | 111.00 | OK | |||
r-oldrel-macos-x86_64 | 2.0-8 | 271.00 | OK | |||
r-oldrel-windows-x86_64 | 2.0-8 | 34.00 | 316.00 | 350.00 | OK |
Version: 2.0-8
Check: Rd cross-references
Result: NOTE
Found the following Rd file(s) with Rd \link{} targets missing package
anchors:
codadendrogram.Rd: histogram
pairwisePlot.Rd: lmrob
pwlrPlot.Rd: lmrob
Please provide package anchors for all Rd \link{} targets not in the
package itself and the base packages.
Flavors: r-devel-linux-x86_64-debian-clang, r-devel-linux-x86_64-debian-gcc, r-devel-windows-x86_64