Last updated on 2024-08-16 03:49:20 CEST.
Flavor | Version | Tinstall | Tcheck | Ttotal | Status | Flags |
---|---|---|---|---|---|---|
r-devel-linux-x86_64-debian-clang | 0.2.0 | 26.23 | 216.06 | 242.29 | NOTE | |
r-devel-linux-x86_64-debian-gcc | 0.2.0 | 17.30 | 139.61 | 156.91 | NOTE | |
r-devel-linux-x86_64-fedora-clang | 0.2.0 | 416.04 | NOTE | |||
r-devel-linux-x86_64-fedora-gcc | 0.2.0 | 360.95 | NOTE | |||
r-devel-windows-x86_64 | 0.2.0 | 24.00 | 164.00 | 188.00 | NOTE | |
r-patched-linux-x86_64 | 0.2.0 | 28.42 | 200.43 | 228.85 | NOTE | |
r-release-linux-x86_64 | 0.2.0 | 23.71 | 201.85 | 225.56 | NOTE | |
r-release-macos-arm64 | 0.2.0 | 79.00 | NOTE | |||
r-release-macos-x86_64 | 0.2.0 | 133.00 | NOTE | |||
r-release-windows-x86_64 | 0.2.0 | 24.00 | 173.00 | 197.00 | NOTE | |
r-oldrel-macos-arm64 | 0.2.0 | 87.00 | NOTE | |||
r-oldrel-macos-x86_64 | 0.2.0 | 149.00 | NOTE | |||
r-oldrel-windows-x86_64 | 0.2.0 | 32.00 | 229.00 | 261.00 | NOTE |
Version: 0.2.0
Check: Rd cross-references
Result: NOTE
Found the following Rd file(s) with Rd \link{} targets missing package
anchors:
cubeViewOutput.Rd: shinyWidgetOutput
cubeview.Rd: levelplot
Please provide package anchors for all Rd \link{} targets not in the
package itself and the base packages.
Flavors: r-devel-linux-x86_64-debian-clang, r-devel-linux-x86_64-debian-gcc, r-devel-windows-x86_64
Version: 0.2.0
Check: LazyData
Result: NOTE
'LazyData' is specified without a 'data' directory
Flavors: r-devel-linux-x86_64-debian-clang, r-devel-linux-x86_64-debian-gcc, r-devel-linux-x86_64-fedora-clang, r-devel-linux-x86_64-fedora-gcc, r-devel-windows-x86_64, r-patched-linux-x86_64, r-release-linux-x86_64, r-release-macos-arm64, r-release-macos-x86_64, r-release-windows-x86_64, r-oldrel-macos-arm64, r-oldrel-macos-x86_64, r-oldrel-windows-x86_64