Last updated on 2024-06-30 03:55:09 CEST.
Flavor | Version | Tinstall | Tcheck | Ttotal | Status | Flags |
---|---|---|---|---|---|---|
r-devel-linux-x86_64-debian-clang | 0.1-4 | 14.89 | 86.33 | 101.22 | OK | |
r-devel-linux-x86_64-debian-gcc | 0.1-4 | 9.65 | 62.61 | 72.26 | OK | |
r-devel-linux-x86_64-fedora-clang | 0.1-4 | 124.08 | OK | |||
r-devel-linux-x86_64-fedora-gcc | 0.1-4 | 135.82 | OK | |||
r-devel-windows-x86_64 | 0.1-4 | 24.00 | 106.00 | 130.00 | OK | |
r-patched-linux-x86_64 | 0.1-4 | 14.96 | 80.89 | 95.85 | OK | |
r-release-linux-x86_64 | 0.1-4 | 12.84 | 80.92 | 93.76 | OK | |
r-release-macos-arm64 | 0.1-4 | 45.00 | NOTE | |||
r-release-macos-x86_64 | 0.1-4 | 67.00 | NOTE | |||
r-release-windows-x86_64 | 0.1-4 | 25.00 | 106.00 | 131.00 | OK | |
r-oldrel-macos-arm64 | 0.1-4 | 50.00 | NOTE | |||
r-oldrel-macos-x86_64 | 0.1-4 | 74.00 | NOTE | |||
r-oldrel-windows-x86_64 | 0.1-4 | 31.00 | 110.00 | 141.00 | OK |
Version: 0.1-4
Check: package dependencies
Result: NOTE
Package which this enhances but not available for checking: ‘pbdMPI’
Flavors: r-release-macos-arm64, r-release-macos-x86_64, r-oldrel-macos-arm64, r-oldrel-macos-x86_64