Last updated on 2024-08-16 03:49:20 CEST.
Flavor | Version | Tinstall | Tcheck | Ttotal | Status | Flags |
---|---|---|---|---|---|---|
r-devel-linux-x86_64-debian-clang | 0.3.0 | 6.27 | 46.20 | 52.47 | OK | |
r-devel-linux-x86_64-debian-gcc | 0.3.0 | 5.21 | 35.15 | 40.36 | OK | |
r-devel-linux-x86_64-fedora-clang | 0.3.0 | 85.47 | NOTE | |||
r-devel-linux-x86_64-fedora-gcc | 0.3.0 | 93.34 | NOTE | |||
r-devel-windows-x86_64 | 0.3.0 | 9.00 | 63.00 | 72.00 | OK | |
r-patched-linux-x86_64 | 0.3.0 | 6.66 | 43.90 | 50.56 | OK | |
r-release-linux-x86_64 | 0.3.0 | 6.58 | 44.56 | 51.14 | OK | |
r-release-macos-arm64 | 0.3.0 | 35.00 | OK | |||
r-release-macos-x86_64 | 0.3.0 | 50.00 | OK | |||
r-release-windows-x86_64 | 0.3.0 | 9.00 | 63.00 | 72.00 | OK | |
r-oldrel-macos-arm64 | 0.3.0 | 37.00 | OK | |||
r-oldrel-macos-x86_64 | 0.3.0 | 56.00 | OK | |||
r-oldrel-windows-x86_64 | 0.3.0 | 10.00 | 72.00 | 82.00 | OK |
Version: 0.3.0
Check: data for non-ASCII characters
Result: NOTE
Note: found 5 marked UTF-8 strings
Flavors: r-devel-linux-x86_64-fedora-clang, r-devel-linux-x86_64-fedora-gcc