Last updated on 2024-06-30 03:55:10 CEST.
Flavor | Version | Tinstall | Tcheck | Ttotal | Status | Flags |
---|---|---|---|---|---|---|
r-devel-linux-x86_64-debian-clang | 1.3.15 | 201.08 | 143.63 | 344.71 | OK | |
r-devel-linux-x86_64-debian-gcc | 1.3.15 | 128.59 | 101.35 | 229.94 | OK | |
r-devel-linux-x86_64-fedora-clang | 1.3.15 | 487.55 | NOTE | |||
r-devel-linux-x86_64-fedora-gcc | 1.3.15 | 498.36 | OK | |||
r-devel-windows-x86_64 | 1.3.15 | 167.00 | 159.00 | 326.00 | OK | |
r-patched-linux-x86_64 | 1.3.15 | 159.84 | 131.41 | 291.25 | OK | |
r-release-linux-x86_64 | 1.3.15 | 160.50 | 136.62 | 297.12 | OK | |
r-release-macos-arm64 | 1.3.15 | 90.00 | OK | |||
r-release-macos-x86_64 | 1.3.15 | 109.00 | OK | |||
r-release-windows-x86_64 | 1.3.15 | 158.00 | 160.00 | 318.00 | OK | |
r-oldrel-macos-arm64 | 1.3.15 | 103.00 | OK | |||
r-oldrel-macos-x86_64 | 1.3.15 | 177.00 | OK | |||
r-oldrel-windows-x86_64 | 1.3.15 | 195.00 | 186.00 | 381.00 | OK |
Version: 1.3.15
Check: Rd cross-references
Result: NOTE
Undeclared package ‘fda.usc’ in Rd xrefs
Flavor: r-devel-linux-x86_64-fedora-clang