Last updated on 2024-06-30 03:55:10 CEST.
Flavor | Version | Tinstall | Tcheck | Ttotal | Status | Flags |
---|---|---|---|---|---|---|
r-devel-linux-x86_64-debian-clang | 3.1.1 | 81.69 | 440.63 | 522.32 | NOTE | |
r-devel-linux-x86_64-debian-gcc | 3.1.1 | 51.80 | 302.49 | 354.29 | NOTE | |
r-devel-linux-x86_64-fedora-clang | 3.1.1 | 645.08 | NOTE | |||
r-devel-linux-x86_64-fedora-gcc | 3.1.1 | 643.63 | NOTE | |||
r-devel-windows-x86_64 | 3.1.1 | 58.00 | 329.00 | 387.00 | NOTE | |
r-patched-linux-x86_64 | 3.1.1 | 55.41 | 418.98 | 474.39 | NOTE | |
r-release-linux-x86_64 | 3.1.1 | 45.47 | 418.25 | 463.72 | NOTE | |
r-release-macos-arm64 | 3.1.1 | 134.00 | NOTE | |||
r-release-macos-x86_64 | 3.1.1 | 263.00 | NOTE | |||
r-release-windows-x86_64 | 3.1.1 | 61.00 | 338.00 | 399.00 | NOTE | |
r-oldrel-macos-arm64 | 3.1.1 | 150.00 | NOTE | |||
r-oldrel-macos-x86_64 | 3.1.1 | 256.00 | NOTE | |||
r-oldrel-windows-x86_64 | 3.1.1 | 77.00 | 398.00 | 475.00 | NOTE |
Version: 3.1.1
Check: C++ specification
Result: NOTE
Specified C++11: please drop specification unless essential
Flavors: r-devel-linux-x86_64-debian-clang, r-devel-linux-x86_64-debian-gcc, r-devel-linux-x86_64-fedora-clang, r-devel-linux-x86_64-fedora-gcc, r-devel-windows-x86_64, r-patched-linux-x86_64, r-release-linux-x86_64, r-release-macos-arm64, r-release-macos-x86_64, r-release-windows-x86_64, r-oldrel-macos-arm64, r-oldrel-macos-x86_64, r-oldrel-windows-x86_64