Last updated on 2024-06-17 03:49:48 CEST.
Flavor | Version | Tinstall | Tcheck | Ttotal | Status | Flags |
---|---|---|---|---|---|---|
r-devel-linux-x86_64-debian-clang | 0.3.0 | 4.41 | 427.99 | 432.40 | NOTE | |
r-devel-linux-x86_64-debian-gcc | 0.3.0 | 3.16 | 283.81 | 286.97 | NOTE | |
r-devel-linux-x86_64-fedora-clang | 0.3.0 | 492.60 | NOTE | |||
r-devel-linux-x86_64-fedora-gcc | 0.3.0 | 488.58 | NOTE | |||
r-devel-windows-x86_64 | 0.3.0 | 4.00 | 326.00 | 330.00 | NOTE | |
r-patched-linux-x86_64 | 0.3.0 | 3.77 | 417.89 | 421.66 | NOTE | |
r-release-linux-x86_64 | 0.3.0 | 3.58 | 422.31 | 425.89 | NOTE | |
r-release-macos-arm64 | 0.3.0 | 118.00 | NOTE | |||
r-release-macos-x86_64 | 0.3.0 | 193.00 | WARN | |||
r-release-windows-x86_64 | 0.3.0 | 4.00 | 334.00 | 338.00 | NOTE | |
r-oldrel-macos-arm64 | 0.3.0 | 128.00 | NOTE | |||
r-oldrel-macos-x86_64 | 0.3.0 | 235.00 | NOTE | |||
r-oldrel-windows-x86_64 | 0.3.0 | 4.00 | 381.00 | 385.00 | NOTE |
Version: 0.3.0
Check: package subdirectories
Result: NOTE
Problems with news in ‘NEWS.md’:
No news entries found.
Flavors: r-devel-linux-x86_64-debian-clang, r-devel-linux-x86_64-debian-gcc, r-devel-linux-x86_64-fedora-clang, r-devel-linux-x86_64-fedora-gcc, r-devel-windows-x86_64, r-patched-linux-x86_64, r-release-linux-x86_64, r-release-macos-arm64, r-release-macos-x86_64, r-release-windows-x86_64, r-oldrel-macos-arm64, r-oldrel-macos-x86_64, r-oldrel-windows-x86_64
Version: 0.3.0
Check: re-building of vignette outputs
Result: WARN
Error(s) in re-building vignettes:
--- re-building ‘UserGuide.Rnw’ using knitr
Error: processing vignette 'UserGuide.Rnw' failed with diagnostics:
Running 'texi2dvi' on 'UserGuide.tex' failed.
LaTeX errors:
! Undefined control sequence.
l.98 \hlkwd{library}\hldef
{(dejaVu)}
?
! Emergency stop.
! Emergency stop.
l.98
End of file on the terminal!
! ==> Fatal error occurred, no output PDF file produced!
--- failed re-building ‘UserGuide.Rnw’
--- re-building ‘analysingExistingDatasets.Rnw’ using knitr
Error: processing vignette 'analysingExistingDatasets.Rnw' failed with diagnostics:
Running 'texi2dvi' on 'analysingExistingDatasets.tex' failed.
LaTeX errors:
! Undefined control sequence.
l.87 \hlkwd{library}\hldef
{(dejaVu)}
?
! Emergency stop.
! Emergency stop.
l.87
End of file on the terminal!
! ==> Fatal error occurred, no output PDF file produced!
--- failed re-building ‘analysingExistingDatasets.Rnw’
SUMMARY: processing the following files failed:
‘UserGuide.Rnw’ ‘analysingExistingDatasets.Rnw’
Error: Vignette re-building failed.
Execution halted
Flavor: r-release-macos-x86_64