Last updated on 2024-08-16 03:49:21 CEST.
Flavor | Version | Tinstall | Tcheck | Ttotal | Status | Flags |
---|---|---|---|---|---|---|
r-devel-linux-x86_64-debian-clang | 1.5-0 | 8.36 | 95.63 | 103.99 | NOTE | |
r-devel-linux-x86_64-debian-gcc | 1.5-0 | 5.71 | 65.77 | 71.48 | NOTE | |
r-devel-linux-x86_64-fedora-clang | 1.5-0 | 175.58 | NOTE | |||
r-devel-linux-x86_64-fedora-gcc | 1.5-0 | 178.36 | NOTE | |||
r-devel-windows-x86_64 | 1.5-0 | 12.00 | 145.00 | 157.00 | NOTE | |
r-patched-linux-x86_64 | 1.5-0 | 10.96 | 89.65 | 100.61 | NOTE | |
r-release-linux-x86_64 | 1.5-0 | 8.38 | 89.83 | 98.21 | NOTE | |
r-release-macos-arm64 | 1.5-0 | 55.00 | NOTE | |||
r-release-macos-x86_64 | 1.5-0 | 124.00 | NOTE | |||
r-release-windows-x86_64 | 1.5-0 | 13.00 | 143.00 | 156.00 | NOTE | |
r-oldrel-macos-arm64 | 1.5-0 | 68.00 | NOTE | |||
r-oldrel-macos-x86_64 | 1.5-0 | 110.00 | NOTE | |||
r-oldrel-windows-x86_64 | 1.5-0 | 15.00 | 151.00 | 166.00 | NOTE |
Version: 1.5-0
Check: package dependencies
Result: NOTE
Package suggested but not available for checking: ‘Rdonlp2’
Flavors: r-devel-linux-x86_64-debian-clang, r-devel-linux-x86_64-debian-gcc, r-devel-linux-x86_64-fedora-clang, r-devel-linux-x86_64-fedora-gcc, r-devel-windows-x86_64, r-patched-linux-x86_64, r-release-linux-x86_64, r-release-macos-arm64, r-release-macos-x86_64, r-release-windows-x86_64, r-oldrel-macos-arm64, r-oldrel-macos-x86_64, r-oldrel-windows-x86_64
Version: 1.5-0
Check: Rd files
Result: NOTE
checkRd: (-1) responses.Rd:68: Lost braces
68 | response. See code{\link{makeDepmix}} for an example of how to use
| ^
Flavors: r-devel-linux-x86_64-debian-clang, r-devel-linux-x86_64-debian-gcc, r-devel-linux-x86_64-fedora-clang, r-devel-linux-x86_64-fedora-gcc, r-devel-windows-x86_64, r-patched-linux-x86_64, r-release-linux-x86_64, r-release-macos-arm64, r-release-macos-x86_64, r-release-windows-x86_64
Version: 1.5-0
Check: Rd cross-references
Result: NOTE
Found the following Rd file(s) with Rd \link{} targets missing package
anchors:
depmix.fit.Rd: solnp
response-classes.Rd: nnet
vcov.Rd: nlme
Please provide package anchors for all Rd \link{} targets not in the
package itself and the base packages.
Flavors: r-devel-linux-x86_64-debian-clang, r-devel-linux-x86_64-debian-gcc, r-devel-windows-x86_64