Last updated on 2024-08-16 03:49:21 CEST.
Flavor | Version | Tinstall | Tcheck | Ttotal | Status | Flags |
---|---|---|---|---|---|---|
r-devel-linux-x86_64-debian-clang | 2.8.2 | 9.56 | 126.35 | 135.91 | OK | |
r-devel-linux-x86_64-debian-gcc | 2.8.2 | 6.52 | 86.54 | 93.06 | OK | |
r-devel-linux-x86_64-fedora-clang | 2.8.2 | 214.93 | OK | |||
r-devel-linux-x86_64-fedora-gcc | 2.8.2 | 219.82 | OK | |||
r-devel-windows-x86_64 | 2.8.2 | 9.00 | 142.00 | 151.00 | OK | |
r-patched-linux-x86_64 | 2.8.2 | 8.60 | 118.82 | 127.42 | OK | |
r-release-linux-x86_64 | 2.8.2 | 7.80 | 120.71 | 128.51 | OK | |
r-release-macos-arm64 | 2.8.2 | 70.00 | OK | |||
r-release-macos-x86_64 | 2.8.2 | 103.00 | WARN | |||
r-release-windows-x86_64 | 2.8.2 | 9.00 | 143.00 | 152.00 | OK | |
r-oldrel-macos-arm64 | 2.8.2 | 78.00 | OK | |||
r-oldrel-macos-x86_64 | 2.8.2 | 139.00 | OK | |||
r-oldrel-windows-x86_64 | 2.8.2 | 13.00 | 166.00 | 179.00 | OK |
Version: 2.8.2
Check: re-building of vignette outputs
Result: WARN
Error(s) in re-building vignettes:
--- re-building ‘distr.Rnw’ using knitr
Warning in doTryCatch(return(expr), name, parentenv, handler) :
"panel.first" is not a graphical parameter
Warning in doTryCatch(return(expr), name, parentenv, handler) :
"panel.last" is not a graphical parameter
Warning in doTryCatch(return(expr), name, parentenv, handler) :
"panel.first" is not a graphical parameter
Warning in doTryCatch(return(expr), name, parentenv, handler) :
"panel.last" is not a graphical parameter
Warning in doTryCatch(return(expr), name, parentenv, handler) :
"panel.first" is not a graphical parameter
Warning in doTryCatch(return(expr), name, parentenv, handler) :
"panel.last" is not a graphical parameter
Warning in doTryCatch(return(expr), name, parentenv, handler) :
"log" is not a graphical parameter
Warning in doTryCatch(return(expr), name, parentenv, handler) :
"panel.first" is not a graphical parameter
Warning in doTryCatch(return(expr), name, parentenv, handler) :
"panel.first" is not a graphical parameter
Warning in doTryCatch(return(expr), name, parentenv, handler) :
"panel.last" is not a graphical parameter
Error: processing vignette 'distr.Rnw' failed with diagnostics:
Running 'texi2dvi' on 'distr.tex' failed.
LaTeX errors:
! Undefined control sequence.
l.413 \hlkwd{require}\hldef
{(distr)}
?
! Emergency stop.
! Emergency stop.
l.413
End of file on the terminal!
! ==> Fatal error occurred, no output PDF file produced!
--- failed re-building ‘distr.Rnw’
SUMMARY: processing the following file failed:
‘distr.Rnw’
Error: Vignette re-building failed.
Execution halted
Flavor: r-release-macos-x86_64