Last updated on 2024-06-30 03:55:10 CEST.
Flavor | Version | Tinstall | Tcheck | Ttotal | Status | Flags |
---|---|---|---|---|---|---|
r-devel-linux-x86_64-debian-clang | 0.2.0 | 121.68 | 54.98 | 176.66 | NOTE | |
r-devel-linux-x86_64-debian-gcc | 0.2.0 | 82.06 | 38.73 | 120.79 | NOTE | |
r-devel-linux-x86_64-fedora-clang | 0.2.0 | 304.12 | NOTE | |||
r-devel-linux-x86_64-fedora-gcc | 0.2.0 | 284.09 | NOTE | |||
r-devel-windows-x86_64 | 0.2.0 | 89.00 | 83.00 | 172.00 | NOTE | |
r-patched-linux-x86_64 | 0.2.0 | 102.21 | 54.15 | 156.36 | NOTE | |
r-release-linux-x86_64 | 0.2.0 | 105.52 | 53.76 | 159.28 | NOTE | |
r-release-macos-arm64 | 0.2.0 | 56.00 | NOTE | |||
r-release-macos-x86_64 | 0.2.0 | 76.00 | NOTE | |||
r-release-windows-x86_64 | 0.2.0 | 88.00 | 81.00 | 169.00 | NOTE | |
r-oldrel-macos-arm64 | 0.2.0 | 67.00 | NOTE | |||
r-oldrel-macos-x86_64 | 0.2.0 | 116.00 | NOTE | |||
r-oldrel-windows-x86_64 | 0.2.0 | 82.00 | 94.00 | 176.00 | NOTE |
Version: 0.2.0
Check: C++ specification
Result: NOTE
Specified C++11: please drop specification unless essential
Flavors: r-devel-linux-x86_64-debian-clang, r-devel-linux-x86_64-debian-gcc, r-devel-linux-x86_64-fedora-clang, r-devel-linux-x86_64-fedora-gcc, r-devel-windows-x86_64, r-patched-linux-x86_64, r-release-linux-x86_64, r-release-macos-arm64, r-release-macos-x86_64, r-release-windows-x86_64, r-oldrel-macos-arm64, r-oldrel-macos-x86_64, r-oldrel-windows-x86_64
Version: 0.2.0
Check: installed package size
Result: NOTE
installed size is 5.2Mb
sub-directories of 1Mb or more:
data 4.8Mb
Flavors: r-devel-linux-x86_64-fedora-clang, r-devel-windows-x86_64, r-release-macos-arm64, r-release-macos-x86_64, r-release-windows-x86_64, r-oldrel-macos-arm64, r-oldrel-macos-x86_64, r-oldrel-windows-x86_64
Version: 0.2.0
Check: data for non-ASCII characters
Result: NOTE
Note: found 9796 marked UTF-8 strings
Flavors: r-devel-linux-x86_64-fedora-clang, r-devel-linux-x86_64-fedora-gcc