Last updated on 2024-06-30 03:55:10 CEST.
Flavor | Version | Tinstall | Tcheck | Ttotal | Status | Flags |
---|---|---|---|---|---|---|
r-devel-linux-x86_64-debian-clang | 0.1 | 254.21 | 99.18 | 353.39 | OK | |
r-devel-linux-x86_64-debian-gcc | 0.1 | 143.51 | 71.13 | 214.64 | OK | |
r-devel-linux-x86_64-fedora-clang | 0.1 | 490.26 | OK | |||
r-devel-linux-x86_64-fedora-gcc | 0.1 | 538.04 | OK | |||
r-devel-windows-x86_64 | 0.1 | 172.00 | 111.00 | 283.00 | OK | |
r-patched-linux-x86_64 | 0.1 | 147.51 | 92.70 | 240.21 | OK | |
r-release-linux-x86_64 | 0.1 | 197.57 | 93.90 | 291.47 | OK | |
r-release-macos-arm64 | 0.1 | 76.00 | NOTE | |||
r-release-macos-x86_64 | 0.1 | 103.00 | NOTE | |||
r-release-windows-x86_64 | 0.1 | 166.00 | 111.00 | 277.00 | OK | |
r-oldrel-macos-arm64 | 0.1 | 95.00 | NOTE | |||
r-oldrel-macos-x86_64 | 0.1 | 109.00 | NOTE | |||
r-oldrel-windows-x86_64 | 0.1 | 164.00 | 130.00 | 294.00 | OK |
Version: 0.1
Check: installed package size
Result: NOTE
installed size is 9.4Mb
sub-directories of 1Mb or more:
libs 9.2Mb
Flavors: r-release-macos-arm64, r-release-macos-x86_64, r-oldrel-macos-arm64, r-oldrel-macos-x86_64