Last updated on 2024-08-16 03:49:21 CEST.
Flavor | Version | Tinstall | Tcheck | Ttotal | Status | Flags |
---|---|---|---|---|---|---|
r-devel-linux-x86_64-debian-clang | 1.1 | 7.88 | 44.94 | 52.82 | OK | |
r-devel-linux-x86_64-debian-gcc | 1.1 | 5.68 | 30.15 | 35.83 | OK | |
r-devel-linux-x86_64-fedora-clang | 1.1 | 83.06 | NOTE | |||
r-devel-linux-x86_64-fedora-gcc | 1.1 | 78.50 | NOTE | |||
r-devel-windows-x86_64 | 1.1 | 10.00 | 67.00 | 77.00 | OK | |
r-patched-linux-x86_64 | 1.1 | 6.74 | 42.13 | 48.87 | OK | |
r-release-linux-x86_64 | 1.1 | 6.27 | 41.79 | 48.06 | OK | |
r-release-macos-arm64 | 1.1 | 27.00 | OK | |||
r-release-macos-x86_64 | 1.1 | 36.00 | OK | |||
r-release-windows-x86_64 | 1.1 | 10.00 | 66.00 | 76.00 | OK | |
r-oldrel-macos-arm64 | 1.1 | 24.00 | OK | |||
r-oldrel-macos-x86_64 | 1.1 | 55.00 | OK | |||
r-oldrel-windows-x86_64 | 1.1 | 12.00 | 75.00 | 87.00 | OK |
Version: 1.1
Check: dependencies in R code
Result: NOTE
Namespaces in Imports field not imported from:
‘GenEst’ ‘expint’ ‘numDeriv’
All declared Imports should be used.
Flavors: r-devel-linux-x86_64-fedora-clang, r-devel-linux-x86_64-fedora-gcc