Last updated on 2024-06-30 03:55:10 CEST.
Flavor | Version | Tinstall | Tcheck | Ttotal | Status | Flags |
---|---|---|---|---|---|---|
r-devel-linux-x86_64-debian-clang | 1.0.4 | 10.56 | 124.12 | 134.68 | NOTE | |
r-devel-linux-x86_64-debian-gcc | 1.0.4 | 9.19 | 92.51 | 101.70 | NOTE | |
r-devel-linux-x86_64-fedora-clang | 1.0.4 | 168.76 | NOTE | |||
r-devel-linux-x86_64-fedora-gcc | 1.0.4 | 180.99 | NOTE | |||
r-devel-windows-x86_64 | 1.0.4 | 10.00 | 106.00 | 116.00 | NOTE | |
r-patched-linux-x86_64 | 1.0.4 | 11.51 | 117.25 | 128.76 | NOTE | |
r-release-linux-x86_64 | 1.0.4 | 7.13 | 120.73 | 127.86 | NOTE | |
r-release-macos-arm64 | 1.0.4 | 53.00 | NOTE | |||
r-release-macos-x86_64 | 1.0.4 | 81.00 | NOTE | |||
r-release-windows-x86_64 | 1.0.4 | 10.00 | 110.00 | 120.00 | NOTE | |
r-oldrel-macos-arm64 | 1.0.4 | 57.00 | NOTE | |||
r-oldrel-macos-x86_64 | 1.0.4 | 93.00 | NOTE | |||
r-oldrel-windows-x86_64 | 1.0.4 | 12.00 | 130.00 | 142.00 | NOTE |
Version: 1.0.4
Check: package dependencies
Result: NOTE
Package suggested but not available for checking: ‘lle’
Flavors: r-devel-linux-x86_64-debian-clang, r-devel-linux-x86_64-debian-gcc, r-devel-linux-x86_64-fedora-clang, r-devel-linux-x86_64-fedora-gcc, r-devel-windows-x86_64, r-patched-linux-x86_64, r-release-linux-x86_64, r-release-macos-arm64, r-release-macos-x86_64, r-release-windows-x86_64, r-oldrel-macos-arm64, r-oldrel-macos-x86_64, r-oldrel-windows-x86_64
Version: 1.0.4
Check: LazyData
Result: NOTE
'LazyData' is specified without a 'data' directory
Flavors: r-devel-linux-x86_64-debian-clang, r-devel-linux-x86_64-debian-gcc, r-devel-linux-x86_64-fedora-clang, r-devel-linux-x86_64-fedora-gcc, r-devel-windows-x86_64, r-patched-linux-x86_64, r-release-linux-x86_64, r-release-macos-arm64, r-release-macos-x86_64, r-release-windows-x86_64, r-oldrel-macos-arm64, r-oldrel-macos-x86_64, r-oldrel-windows-x86_64