Last updated on 2024-06-30 03:55:10 CEST.
Flavor | Version | Tinstall | Tcheck | Ttotal | Status | Flags |
---|---|---|---|---|---|---|
r-devel-linux-x86_64-debian-clang | 2.0 | 39.23 | 47.39 | 86.62 | OK | |
r-devel-linux-x86_64-debian-gcc | 2.0 | 27.51 | 35.99 | 63.50 | OK | |
r-devel-linux-x86_64-fedora-clang | 2.0 | 118.98 | NOTE | |||
r-devel-linux-x86_64-fedora-gcc | 2.0 | 121.61 | OK | |||
r-devel-windows-x86_64 | 2.0 | 32.00 | 81.00 | 113.00 | OK | |
r-patched-linux-x86_64 | 2.0 | 28.03 | 45.76 | 73.79 | OK | |
r-release-linux-x86_64 | 2.0 | 34.79 | 46.38 | 81.17 | OK | |
r-release-macos-arm64 | 2.0 | 32.00 | OK | |||
r-release-macos-x86_64 | 2.0 | 40.00 | OK | |||
r-release-windows-x86_64 | 2.0 | 31.00 | 81.00 | 112.00 | OK | |
r-oldrel-macos-arm64 | 2.0 | 40.00 | OK | |||
r-oldrel-macos-x86_64 | 2.0 | 93.00 | OK | |||
r-oldrel-windows-x86_64 | 2.0 | 38.00 | 90.00 | 128.00 | OK |
Version: 2.0
Check: Rd cross-references
Result: NOTE
Undeclared package ‘CausalImpact’ in Rd xrefs
Flavor: r-devel-linux-x86_64-fedora-clang