Last updated on 2024-06-30 03:55:10 CEST.
Flavor | Version | Tinstall | Tcheck | Ttotal | Status | Flags |
---|---|---|---|---|---|---|
r-devel-linux-x86_64-debian-clang | 0.7.0 | 68.07 | 143.59 | 211.66 | OK | |
r-devel-linux-x86_64-debian-gcc | 0.7.0 | 49.36 | 104.30 | 153.66 | OK | |
r-devel-linux-x86_64-fedora-clang | 0.7.0 | 275.51 | OK | |||
r-devel-linux-x86_64-fedora-gcc | 0.7.0 | 300.98 | OK | |||
r-devel-windows-x86_64 | 0.7.0 | 56.00 | 125.00 | 181.00 | OK | |
r-patched-linux-x86_64 | 0.7.0 | 60.09 | 135.77 | 195.86 | OK | |
r-release-linux-x86_64 | 0.7.0 | 65.41 | 137.67 | 203.08 | OK | |
r-release-macos-arm64 | 0.7.0 | 65.00 | NOTE | |||
r-release-macos-x86_64 | 0.7.0 | 92.00 | NOTE | |||
r-release-windows-x86_64 | 0.7.0 | 56.00 | 125.00 | 181.00 | OK | |
r-oldrel-macos-arm64 | 0.7.0 | 78.00 | NOTE | |||
r-oldrel-macos-x86_64 | 0.7.0 | 126.00 | NOTE | |||
r-oldrel-windows-x86_64 | 0.7.0 | 73.00 | 161.00 | 234.00 | OK |
Version: 0.7.0
Check: installed package size
Result: NOTE
installed size is 13.4Mb
sub-directories of 1Mb or more:
libs 13.3Mb
Flavors: r-release-macos-arm64, r-release-macos-x86_64, r-oldrel-macos-arm64, r-oldrel-macos-x86_64