Last updated on 2024-06-30 03:55:11 CEST.
Flavor | Version | Tinstall | Tcheck | Ttotal | Status | Flags |
---|---|---|---|---|---|---|
r-devel-linux-x86_64-debian-clang | 9.1 | 28.36 | 156.09 | 184.45 | OK | |
r-devel-linux-x86_64-debian-gcc | 9.1 | 19.21 | 111.47 | 130.68 | OK | |
r-devel-linux-x86_64-fedora-clang | 9.1 | 221.49 | NOTE | |||
r-devel-linux-x86_64-fedora-gcc | 9.1 | 211.63 | NOTE | |||
r-devel-windows-x86_64 | 9.1 | 23.00 | 143.00 | 166.00 | OK | |
r-patched-linux-x86_64 | 9.1 | 25.23 | 145.73 | 170.96 | OK | |
r-release-linux-x86_64 | 9.1 | 26.90 | 145.93 | 172.83 | OK | |
r-release-macos-arm64 | 9.1 | 89.00 | OK | |||
r-release-macos-x86_64 | 9.1 | 128.00 | OK | |||
r-release-windows-x86_64 | 9.1 | 22.00 | 146.00 | 168.00 | OK | |
r-oldrel-macos-arm64 | 9.1 | 102.00 | OK | |||
r-oldrel-macos-x86_64 | 9.1 | 172.00 | OK | |||
r-oldrel-windows-x86_64 | 9.1 | 29.00 | 177.00 | 206.00 | OK |
Version: 9.1
Check: data for non-ASCII characters
Result: NOTE
Note: found 155 marked UTF-8 strings
Flavors: r-devel-linux-x86_64-fedora-clang, r-devel-linux-x86_64-fedora-gcc