Last updated on 2024-06-16 02:55:23 CEST.
Flavor | Version | Tinstall | Tcheck | Ttotal | Status | Flags |
---|---|---|---|---|---|---|
r-devel-linux-x86_64-debian-clang | 0.6.1 | 3.87 | 51.98 | 55.85 | OK | |
r-devel-linux-x86_64-debian-gcc | 0.6.1 | 3.67 | 39.10 | 42.77 | OK | |
r-devel-linux-x86_64-fedora-clang | 0.6.1 | 74.23 | NOTE | |||
r-devel-linux-x86_64-fedora-gcc | 0.6.1 | 80.68 | OK | |||
r-devel-windows-x86_64 | 0.6.1 | 5.00 | 65.00 | 70.00 | OK | |
r-patched-linux-x86_64 | 0.6.1 | 3.83 | 49.49 | 53.32 | OK | |
r-release-linux-x86_64 | 0.6.1 | 4.36 | 50.29 | 54.65 | OK | |
r-release-macos-arm64 | 0.6.1 | 29.00 | OK | |||
r-release-macos-x86_64 | 0.6.1 | 73.00 | OK | |||
r-release-windows-x86_64 | 0.6.1 | 5.00 | 66.00 | 71.00 | OK | |
r-oldrel-macos-arm64 | 0.6.1 | 30.00 | OK | |||
r-oldrel-macos-x86_64 | 0.6.1 | 48.00 | NOTE | |||
r-oldrel-windows-x86_64 | 0.6.1 | 7.00 | 72.00 | 79.00 | OK |
Version: 0.6.1
Check: Rd cross-references
Result: NOTE
Undeclared package ‘OpenMx’ in Rd xrefs
Flavor: r-devel-linux-x86_64-fedora-clang
Version: 0.6.1
Check: package dependencies
Result: NOTE
Package suggested but not available for checking: ‘semTools’
Flavor: r-oldrel-macos-x86_64
Version: 0.6.1
Check: Rd cross-references
Result: NOTE
Packages unavailable to check Rd xrefs: ‘OpenMx’, ‘semTools’
Flavor: r-oldrel-macos-x86_64