Last updated on 2024-06-30 03:55:11 CEST.
Flavor | Version | Tinstall | Tcheck | Ttotal | Status | Flags |
---|---|---|---|---|---|---|
r-devel-linux-x86_64-debian-clang | 2.2.2 | 38.90 | 204.43 | 243.33 | NOTE | |
r-devel-linux-x86_64-debian-gcc | 2.2.2 | 27.60 | 157.72 | 185.32 | NOTE | |
r-devel-linux-x86_64-fedora-clang | 2.2.2 | 298.37 | NOTE | |||
r-devel-linux-x86_64-fedora-gcc | 2.2.2 | 305.54 | NOTE | |||
r-devel-windows-x86_64 | 2.2.2 | 32.00 | 218.00 | 250.00 | NOTE | |
r-patched-linux-x86_64 | 2.2.2 | 32.27 | 201.15 | 233.42 | NOTE | |
r-release-linux-x86_64 | 2.2.2 | 33.13 | 196.50 | 229.63 | NOTE | |
r-release-macos-arm64 | 2.2.2 | 87.00 | NOTE | |||
r-release-macos-x86_64 | 2.2.2 | 158.00 | NOTE | |||
r-release-windows-x86_64 | 2.2.2 | 34.00 | 213.00 | 247.00 | NOTE | |
r-oldrel-macos-arm64 | 2.2.2 | 104.00 | NOTE | |||
r-oldrel-macos-x86_64 | 2.2.2 | 285.00 | NOTE | |||
r-oldrel-windows-x86_64 | 2.2.2 | 31.00 | 258.00 | 289.00 | NOTE |
Version: 2.2.2
Check: for GNU extensions in Makefiles
Result: NOTE
GNU make is a SystemRequirements.
Flavors: r-devel-linux-x86_64-debian-clang, r-devel-linux-x86_64-debian-gcc, r-devel-linux-x86_64-fedora-clang, r-devel-linux-x86_64-fedora-gcc, r-devel-windows-x86_64, r-patched-linux-x86_64, r-release-linux-x86_64, r-release-macos-arm64, r-release-macos-x86_64, r-release-windows-x86_64, r-oldrel-macos-arm64, r-oldrel-macos-x86_64, r-oldrel-windows-x86_64