Last updated on 2024-06-30 03:55:11 CEST.
Flavor | Version | Tinstall | Tcheck | Ttotal | Status | Flags |
---|---|---|---|---|---|---|
r-devel-linux-x86_64-debian-clang | 1.0 | 179.42 | 38.02 | 217.44 | OK | |
r-devel-linux-x86_64-debian-gcc | 1.0 | 119.15 | 29.29 | 148.44 | OK | |
r-devel-linux-x86_64-fedora-clang | 1.0 | 337.70 | OK | |||
r-devel-linux-x86_64-fedora-gcc | 1.0 | 335.44 | OK | |||
r-devel-windows-x86_64 | 1.0 | 135.00 | 74.00 | 209.00 | OK | |
r-patched-linux-x86_64 | 1.0 | 150.32 | 37.61 | 187.93 | OK | |
r-release-linux-x86_64 | 1.0 | 147.56 | 37.49 | 185.05 | OK | |
r-release-macos-arm64 | 1.0 | 56.00 | NOTE | |||
r-release-macos-x86_64 | 1.0 | 59.00 | NOTE | |||
r-release-windows-x86_64 | 1.0 | 134.00 | 74.00 | 208.00 | OK | |
r-oldrel-macos-arm64 | 1.0 | 70.00 | NOTE | |||
r-oldrel-macos-x86_64 | 1.0 | 80.00 | NOTE | |||
r-oldrel-windows-x86_64 | 1.0 | 169.00 | 86.00 | 255.00 | OK |
Version: 1.0
Check: installed package size
Result: NOTE
installed size is 5.7Mb
sub-directories of 1Mb or more:
libs 5.6Mb
Flavors: r-release-macos-arm64, r-release-macos-x86_64, r-oldrel-macos-arm64, r-oldrel-macos-x86_64