Last updated on 2024-06-30 03:55:11 CEST.
Flavor | Version | Tinstall | Tcheck | Ttotal | Status | Flags |
---|---|---|---|---|---|---|
r-devel-linux-x86_64-debian-clang | 1.0.0 | 3.21 | 43.16 | 46.37 | OK | |
r-devel-linux-x86_64-debian-gcc | 1.0.0 | 2.20 | 32.30 | 34.50 | OK | |
r-devel-linux-x86_64-fedora-clang | 1.0.0 | 56.52 | OK | |||
r-devel-linux-x86_64-fedora-gcc | 1.0.0 | 53.32 | OK | |||
r-devel-windows-x86_64 | 1.0.0 | 4.00 | 58.00 | 62.00 | OK | |
r-patched-linux-x86_64 | 1.0.0 | 2.07 | 40.78 | 42.85 | OK | |
r-release-linux-x86_64 | 1.0.0 | 2.37 | 40.74 | 43.11 | OK | |
r-release-macos-arm64 | 1.0.0 | 21.00 | OK | |||
r-release-macos-x86_64 | 1.0.0 | 42.00 | OK | |||
r-release-windows-x86_64 | 1.0.0 | 5.00 | 59.00 | 64.00 | OK | |
r-oldrel-macos-arm64 | 1.0.0 | 22.00 | OK | |||
r-oldrel-macos-x86_64 | 1.0.0 | 30.00 | NOTE | |||
r-oldrel-windows-x86_64 | 1.0.0 | 4.00 | 65.00 | 69.00 | OK |
Version: 1.0.0
Check: package dependencies
Result: NOTE
Package suggested but not available for checking: ‘fields’
Flavor: r-oldrel-macos-x86_64