Last updated on 2024-06-17 03:49:50 CEST.
Flavor | Version | Tinstall | Tcheck | Ttotal | Status | Flags |
---|---|---|---|---|---|---|
r-devel-linux-x86_64-debian-clang | 0.5.9 | 351.81 | 229.76 | 581.57 | NOTE | |
r-devel-linux-x86_64-debian-gcc | 0.5.9 | 269.25 | 182.40 | 451.65 | NOTE | |
r-devel-linux-x86_64-fedora-clang | 0.5.9 | 803.05 | NOTE | |||
r-devel-linux-x86_64-fedora-gcc | 0.5.9 | 871.42 | NOTE | |||
r-devel-windows-x86_64 | 0.5.9 | 250.00 | 202.00 | 452.00 | NOTE | |
r-patched-linux-x86_64 | 0.5.9 | 273.51 | 242.60 | 516.11 | NOTE | |
r-release-linux-x86_64 | 0.5.9 | 238.40 | 240.33 | 478.73 | NOTE | |
r-release-macos-arm64 | 0.5.9 | 181.00 | NOTE | |||
r-release-macos-x86_64 | 0.5.9 | 198.00 | NOTE | |||
r-release-windows-x86_64 | 0.5.9 | 263.00 | 208.00 | 471.00 | NOTE | |
r-oldrel-macos-arm64 | 0.5.9 | 192.00 | NOTE | |||
r-oldrel-macos-x86_64 | 0.5.9 | 332.00 | NOTE | |||
r-oldrel-windows-x86_64 | 0.5.9 | 320.00 | 259.00 | 579.00 | OK |
Version: 0.5.9
Check: Rd files
Result: NOTE
checkRd: (-1) MakeGPFunctionalData.Rd:33: Lost braces; missing escapes or markup?
33 | Y: X(t_{j}), Yn: noisy observations
| ^
checkRd: (-1) NormCurvToArea.Rd:20: Lost braces
20 | Normalise a curve such that \\int{yNew}dx = area (according to trapezoid integration)
| ^
checkRd: (-1) NormCurvToArea.Rd:17: Lost braces
17 | yNew values of curve at times x such that [\\int{yNew}dx = area]
| ^
Flavors: r-devel-linux-x86_64-debian-clang, r-devel-linux-x86_64-debian-gcc, r-devel-linux-x86_64-fedora-clang, r-devel-linux-x86_64-fedora-gcc, r-devel-windows-x86_64, r-patched-linux-x86_64, r-release-linux-x86_64, r-release-macos-arm64, r-release-macos-x86_64, r-release-windows-x86_64
Version: 0.5.9
Check: installed package size
Result: NOTE
installed size is 40.2Mb
sub-directories of 1Mb or more:
libs 38.5Mb
Flavors: r-release-macos-arm64, r-release-macos-x86_64, r-oldrel-macos-arm64, r-oldrel-macos-x86_64