Last updated on 2024-08-16 03:49:23 CEST.
Flavor | Version | Tinstall | Tcheck | Ttotal | Status | Flags |
---|---|---|---|---|---|---|
r-devel-linux-x86_64-debian-clang | 2.1.1 | 12.46 | 107.67 | 120.13 | NOTE | |
r-devel-linux-x86_64-debian-gcc | 2.1.1 | 7.62 | 75.81 | 83.43 | NOTE | |
r-devel-linux-x86_64-fedora-clang | 2.1.1 | 190.11 | NOTE | |||
r-devel-linux-x86_64-fedora-gcc | 2.1.1 | 182.49 | NOTE | |||
r-devel-windows-x86_64 | 2.1.1 | 12.00 | 139.00 | 151.00 | NOTE | |
r-patched-linux-x86_64 | 2.1.1 | 9.20 | 102.28 | 111.48 | NOTE | |
r-release-linux-x86_64 | 2.1.1 | 10.04 | 102.60 | 112.64 | NOTE | |
r-release-macos-arm64 | 2.1.1 | 53.00 | NOTE | |||
r-release-macos-x86_64 | 2.1.1 | 94.00 | NOTE | |||
r-release-windows-x86_64 | 2.1.1 | 12.00 | 138.00 | 150.00 | NOTE | |
r-oldrel-macos-arm64 | 2.1.1 | 59.00 | OK | |||
r-oldrel-macos-x86_64 | 2.1.1 | 100.00 | OK | |||
r-oldrel-windows-x86_64 | 2.1.1 | 16.00 | 150.00 | 166.00 | OK |
Version: 2.1.1
Check: Rd files
Result: NOTE
checkRd: (-1) NASAtemp.Rd:14: Lost braces in \itemize; meant \describe ?
checkRd: (-1) NASAtemp.Rd:15: Lost braces in \itemize; meant \describe ?
Flavors: r-devel-linux-x86_64-debian-clang, r-devel-linux-x86_64-debian-gcc, r-devel-linux-x86_64-fedora-clang, r-devel-linux-x86_64-fedora-gcc, r-devel-windows-x86_64, r-patched-linux-x86_64, r-release-linux-x86_64, r-release-macos-arm64, r-release-macos-x86_64, r-release-windows-x86_64