Last updated on 2024-06-30 03:55:11 CEST.
Flavor | Version | Tinstall | Tcheck | Ttotal | Status | Flags |
---|---|---|---|---|---|---|
r-devel-linux-x86_64-debian-clang | 3.2 | 23.46 | 58.94 | 82.40 | NOTE | |
r-devel-linux-x86_64-debian-gcc | 3.2 | 16.43 | 43.44 | 59.87 | NOTE | |
r-devel-linux-x86_64-fedora-clang | 3.2 | 119.89 | NOTE | |||
r-devel-linux-x86_64-fedora-gcc | 3.2 | 108.32 | NOTE | |||
r-devel-windows-x86_64 | 3.2 | 19.00 | 78.00 | 97.00 | NOTE | |
r-patched-linux-x86_64 | 3.2 | 22.84 | 56.84 | 79.68 | NOTE | |
r-release-linux-x86_64 | 3.2 | 21.17 | 57.32 | 78.49 | NOTE | |
r-release-macos-arm64 | 3.2 | 30.00 | NOTE | |||
r-release-macos-x86_64 | 3.2 | 45.00 | NOTE | |||
r-release-windows-x86_64 | 3.2 | 20.00 | 79.00 | 99.00 | NOTE | |
r-oldrel-macos-arm64 | 3.2 | 32.00 | OK | |||
r-oldrel-macos-x86_64 | 3.2 | 52.00 | OK | |||
r-oldrel-windows-x86_64 | 3.2 | 19.00 | 93.00 | 112.00 | OK |
Version: 3.2
Check: Rd files
Result: NOTE
checkRd: (-1) summary.flamcv.rd:8: Lost braces
8 | This function summarizes a call to code{\link{flamCV}} and identifies the tuning parameter chosen by cross-validation.
| ^
Flavors: r-devel-linux-x86_64-debian-clang, r-devel-linux-x86_64-debian-gcc, r-devel-linux-x86_64-fedora-clang, r-devel-linux-x86_64-fedora-gcc, r-devel-windows-x86_64, r-patched-linux-x86_64, r-release-linux-x86_64, r-release-macos-arm64, r-release-macos-x86_64, r-release-windows-x86_64