Last updated on 2024-08-16 03:49:23 CEST.
Flavor | Version | Tinstall | Tcheck | Ttotal | Status | Flags |
---|---|---|---|---|---|---|
r-devel-linux-x86_64-debian-clang | 1.1.1 | 35.47 | 127.15 | 162.62 | NOTE | |
r-devel-linux-x86_64-debian-gcc | 1.1.1 | 28.04 | 90.65 | 118.69 | NOTE | |
r-devel-linux-x86_64-fedora-clang | 1.1.1 | 274.66 | NOTE | |||
r-devel-linux-x86_64-fedora-gcc | 1.1.1 | 272.42 | NOTE | |||
r-devel-windows-x86_64 | 1.1.1 | 40.00 | 146.00 | 186.00 | NOTE | |
r-patched-linux-x86_64 | 1.1.1 | 37.69 | 120.38 | 158.07 | NOTE | |
r-release-linux-x86_64 | 1.1.1 | 37.80 | 121.83 | 159.63 | NOTE | |
r-release-macos-arm64 | 1.1.1 | 69.00 | NOTE | |||
r-release-macos-x86_64 | 1.1.1 | 99.00 | NOTE | |||
r-release-windows-x86_64 | 1.1.1 | 45.00 | 145.00 | 190.00 | NOTE | |
r-oldrel-macos-arm64 | 1.1.1 | 77.00 | NOTE | |||
r-oldrel-macos-x86_64 | 1.1.1 | 130.00 | NOTE | |||
r-oldrel-windows-x86_64 | 1.1.1 | 56.00 | 183.00 | 239.00 | NOTE |
Version: 1.1.1
Check: C++ specification
Result: NOTE
Specified C++11: please drop specification unless essential
Flavors: r-devel-linux-x86_64-debian-clang, r-devel-linux-x86_64-debian-gcc, r-devel-linux-x86_64-fedora-clang, r-devel-linux-x86_64-fedora-gcc, r-devel-windows-x86_64, r-patched-linux-x86_64, r-release-linux-x86_64, r-release-macos-arm64, r-release-macos-x86_64, r-release-windows-x86_64, r-oldrel-macos-arm64, r-oldrel-macos-x86_64, r-oldrel-windows-x86_64