Last updated on 2024-08-16 03:49:23 CEST.
Flavor | Version | Tinstall | Tcheck | Ttotal | Status | Flags |
---|---|---|---|---|---|---|
r-devel-linux-x86_64-debian-clang | 1.0.5 | 14.43 | 369.85 | 384.28 | OK | |
r-devel-linux-x86_64-debian-gcc | 1.0.5 | 9.99 | 249.69 | 259.68 | OK | |
r-devel-linux-x86_64-fedora-clang | 1.0.5 | 618.43 | NOTE | |||
r-devel-linux-x86_64-fedora-gcc | 1.0.5 | 616.15 | NOTE | |||
r-devel-windows-x86_64 | 1.0.5 | 14.00 | 373.00 | 387.00 | OK | |
r-patched-linux-x86_64 | 1.0.5 | 15.07 | 385.22 | 400.29 | OK | |
r-release-linux-x86_64 | 1.0.5 | 13.38 | 378.10 | 391.48 | OK | |
r-release-macos-arm64 | 1.0.5 | 192.00 | OK | |||
r-release-macos-x86_64 | 1.0.5 | 534.00 | OK | |||
r-release-windows-x86_64 | 1.0.5 | 16.00 | 375.00 | 391.00 | OK | |
r-oldrel-macos-arm64 | 1.0.5 | 264.00 | OK | |||
r-oldrel-macos-x86_64 | 1.0.5 | 603.00 | OK | |||
r-oldrel-windows-x86_64 | 1.0.5 | 21.00 | 461.00 | 482.00 | OK |
Version: 1.0.5
Check: data for non-ASCII characters
Result: NOTE
Note: found 32 marked UTF-8 strings
Flavors: r-devel-linux-x86_64-fedora-clang, r-devel-linux-x86_64-fedora-gcc