Last updated on 2024-06-30 03:55:12 CEST.
Flavor | Version | Tinstall | Tcheck | Ttotal | Status | Flags |
---|---|---|---|---|---|---|
r-devel-linux-x86_64-debian-clang | 0.5.100 | 11.89 | 111.31 | 123.20 | NOTE | |
r-devel-linux-x86_64-debian-gcc | 0.5.100 | 8.24 | 82.38 | 90.62 | NOTE | |
r-devel-linux-x86_64-fedora-clang | 0.5.100 | 192.21 | NOTE | |||
r-devel-linux-x86_64-fedora-gcc | 0.5.100 | 176.69 | NOTE | |||
r-devel-windows-x86_64 | 0.5.100 | 10.00 | 94.00 | 104.00 | NOTE | |
r-patched-linux-x86_64 | 0.5.100 | 14.31 | 102.80 | 117.11 | NOTE | |
r-release-linux-x86_64 | 0.5.100 | 12.13 | 105.07 | 117.20 | NOTE | |
r-release-macos-arm64 | 0.5.100 | 43.00 | NOTE | |||
r-release-macos-x86_64 | 0.5.100 | 63.00 | NOTE | |||
r-release-windows-x86_64 | 0.5.100 | 11.00 | 95.00 | 106.00 | NOTE | |
r-oldrel-macos-arm64 | 0.5.100 | 46.00 | NOTE | |||
r-oldrel-macos-x86_64 | 0.5.100 | 79.00 | NOTE | |||
r-oldrel-windows-x86_64 | 0.5.100 | 13.00 | 113.00 | 126.00 | NOTE |
Version: 0.5.100
Check: package subdirectories
Result: NOTE
Problems with news in ‘NEWS.md’:
No news entries found.
Flavors: r-devel-linux-x86_64-debian-clang, r-devel-linux-x86_64-debian-gcc, r-devel-linux-x86_64-fedora-clang, r-devel-linux-x86_64-fedora-gcc, r-devel-windows-x86_64, r-patched-linux-x86_64, r-release-linux-x86_64, r-release-macos-arm64, r-release-macos-x86_64, r-release-windows-x86_64, r-oldrel-macos-arm64, r-oldrel-macos-x86_64, r-oldrel-windows-x86_64