Last updated on 2024-06-30 03:55:12 CEST.
Flavor | Version | Tinstall | Tcheck | Ttotal | Status | Flags |
---|---|---|---|---|---|---|
r-devel-linux-x86_64-debian-clang | 1.5-18 | 48.98 | 99.31 | 148.29 | OK | |
r-devel-linux-x86_64-debian-gcc | 1.5-18 | 34.68 | 70.84 | 105.52 | OK | |
r-devel-linux-x86_64-fedora-clang | 1.5-18 | 204.01 | OK | |||
r-devel-linux-x86_64-fedora-gcc | 1.5-18 | 199.33 | OK | |||
r-devel-windows-x86_64 | 1.5-18 | 47.00 | 123.00 | 170.00 | OK | |
r-patched-linux-x86_64 | 1.5-18 | 41.22 | 94.55 | 135.77 | OK | |
r-release-linux-x86_64 | 1.5-18 | 45.31 | 93.32 | 138.63 | OK | |
r-release-macos-arm64 | 1.5-18 | 52.00 | OK | |||
r-release-macos-x86_64 | 1.5-18 | 80.00 | OK | |||
r-release-windows-x86_64 | 1.5-18 | 46.00 | 118.00 | 164.00 | OK | |
r-oldrel-macos-arm64 | 1.5-18 | 64.00 | OK | |||
r-oldrel-macos-x86_64 | 1.5-18 | 100.00 | NOTE | |||
r-oldrel-windows-x86_64 | 1.5-18 | 51.00 | 142.00 | 193.00 | OK |
Version: 1.5-18
Check: re-building of vignette outputs
Result: NOTE
Error(s) in re-building vignettes:
...
--- re-building ‘geosphere.Rnw’ using Sweave
Loading required namespace: raster
Error: processing vignette 'geosphere.Rnw' failed with diagnostics:
Running 'texi2dvi' on 'geosphere.tex' failed.
LaTeX errors:
! LaTeX Error: File `hanging.sty' not found.
Type X to quit or <RETURN> to proceed,
or enter new name. (Default extension: sty)
! Emergency stop.
<read *>
l.10 ^^M
! ==> Fatal error occurred, no output PDF file produced!
--- failed re-building ‘geosphere.Rnw’
SUMMARY: processing the following file failed:
‘geosphere.Rnw’
Error: Vignette re-building failed.
Execution halted
Flavor: r-oldrel-macos-x86_64