Last updated on 2024-06-30 03:55:12 CEST.
Flavor | Version | Tinstall | Tcheck | Ttotal | Status | Flags |
---|---|---|---|---|---|---|
r-devel-linux-x86_64-debian-clang | 0.83.0 | 81.20 | 48.16 | 129.36 | OK | |
r-devel-linux-x86_64-debian-gcc | 0.83.0 | 47.05 | 36.65 | 83.70 | OK | |
r-devel-linux-x86_64-fedora-clang | 0.83.0 | 214.83 | OK | |||
r-devel-linux-x86_64-fedora-gcc | 0.83.0 | 174.04 | OK | |||
r-devel-windows-x86_64 | 0.83.0 | 72.00 | 74.00 | 146.00 | OK | |
r-patched-linux-x86_64 | 0.83.0 | 55.13 | 45.95 | 101.08 | OK | |
r-release-linux-x86_64 | 0.83.0 | 61.46 | 47.32 | 108.78 | OK | |
r-release-macos-arm64 | 0.83.0 | 39.00 | NOTE | |||
r-release-macos-x86_64 | 0.83.0 | 50.00 | NOTE | |||
r-release-windows-x86_64 | 0.83.0 | 70.00 | 71.00 | 141.00 | OK | |
r-oldrel-macos-arm64 | 0.83.0 | 40.00 | NOTE | |||
r-oldrel-macos-x86_64 | 0.83.0 | 67.00 | NOTE | |||
r-oldrel-windows-x86_64 | 0.83.0 | 84.00 | 85.00 | 169.00 | NOTE |
Version: 0.83.0
Check: package dependencies
Result: NOTE
Packages suggested but not available for checking:
'BSgenome.Hsapiens.UCSC.hg18.masked',
'BSgenome.Hsapiens.UCSC.hg19.masked'
Flavors: r-release-macos-arm64, r-release-macos-x86_64, r-oldrel-macos-arm64, r-oldrel-macos-x86_64, r-oldrel-windows-x86_64