Last updated on 2024-08-16 03:49:24 CEST.
Flavor | Version | Tinstall | Tcheck | Ttotal | Status | Flags |
---|---|---|---|---|---|---|
r-devel-linux-x86_64-debian-clang | 1.0.6 | 11.52 | 163.68 | 175.20 | NOTE | |
r-devel-linux-x86_64-debian-gcc | 1.0.6 | 8.73 | 106.22 | 114.95 | NOTE | |
r-devel-linux-x86_64-fedora-clang | 1.0.6 | 274.62 | OK | |||
r-devel-linux-x86_64-fedora-gcc | 1.0.6 | 276.86 | OK | |||
r-devel-windows-x86_64 | 1.0.6 | 11.00 | 217.00 | 228.00 | NOTE | |
r-patched-linux-x86_64 | 1.0.6 | 22.02 | 150.39 | 172.41 | OK | |
r-release-linux-x86_64 | 1.0.6 | 10.81 | 155.15 | 165.96 | OK | |
r-release-macos-arm64 | 1.0.6 | 86.00 | OK | |||
r-release-macos-x86_64 | 1.0.6 | 158.00 | OK | |||
r-release-windows-x86_64 | 1.0.6 | 11.00 | 214.00 | 225.00 | OK | |
r-oldrel-macos-arm64 | 1.0.6 | 97.00 | OK | |||
r-oldrel-macos-x86_64 | 1.0.6 | 160.00 | OK | |||
r-oldrel-windows-x86_64 | 1.0.6 | 15.00 | 254.00 | 269.00 | OK |
Version: 1.0.6
Check: Rd cross-references
Result: NOTE
Found the following Rd file(s) with Rd \link{} targets missing package
anchors:
glmnetcr.Rd: glmnet
Please provide package anchors for all Rd \link{} targets not in the
package itself and the base packages.
Flavors: r-devel-linux-x86_64-debian-clang, r-devel-linux-x86_64-debian-gcc, r-devel-windows-x86_64