Last updated on 2024-08-16 03:49:24 CEST.
Flavor | Version | Tinstall | Tcheck | Ttotal | Status | Flags |
---|---|---|---|---|---|---|
r-devel-linux-x86_64-debian-clang | 0.4-7 | 1.81 | 23.89 | 25.70 | NOTE | |
r-devel-linux-x86_64-debian-gcc | 0.4-7 | 1.40 | 19.04 | 20.44 | NOTE | |
r-devel-linux-x86_64-fedora-clang | 0.4-7 | 41.43 | NOTE | |||
r-devel-linux-x86_64-fedora-gcc | 0.4-7 | 50.52 | NOTE | |||
r-devel-windows-x86_64 | 0.4-7 | 3.00 | 60.00 | 63.00 | NOTE | |
r-patched-linux-x86_64 | 0.4-7 | 1.46 | 22.70 | 24.16 | NOTE | |
r-release-linux-x86_64 | 0.4-7 | 1.66 | 23.06 | 24.72 | NOTE | |
r-release-macos-arm64 | 0.4-7 | 24.00 | NOTE | |||
r-release-macos-x86_64 | 0.4-7 | 54.00 | NOTE | |||
r-release-windows-x86_64 | 0.4-7 | 3.00 | 59.00 | 62.00 | NOTE | |
r-oldrel-macos-arm64 | 0.4-7 | 24.00 | NOTE | |||
r-oldrel-macos-x86_64 | 0.4-7 | 33.00 | NOTE | |||
r-oldrel-windows-x86_64 | 0.4-7 | 3.00 | 56.00 | 59.00 | NOTE |
Version: 0.4-7
Check: DESCRIPTION meta-information
Result: NOTE
Malformed Description field: should contain one or more complete sentences.
Flavors: r-devel-linux-x86_64-debian-clang, r-devel-linux-x86_64-debian-gcc, r-devel-linux-x86_64-fedora-clang, r-devel-linux-x86_64-fedora-gcc, r-devel-windows-x86_64, r-patched-linux-x86_64, r-release-linux-x86_64, r-release-macos-arm64, r-release-macos-x86_64, r-release-windows-x86_64, r-oldrel-macos-arm64, r-oldrel-macos-x86_64, r-oldrel-windows-x86_64