Last updated on 2024-06-30 03:55:13 CEST.
Flavor | Version | Tinstall | Tcheck | Ttotal | Status | Flags |
---|---|---|---|---|---|---|
r-devel-linux-x86_64-debian-clang | 1.1.1 | 69.95 | 37.00 | 106.95 | OK | |
r-devel-linux-x86_64-debian-gcc | 1.1.1 | 47.43 | 28.36 | 75.79 | OK | |
r-devel-linux-x86_64-fedora-clang | 1.1.1 | 154.16 | NOTE | |||
r-devel-linux-x86_64-fedora-gcc | 1.1.1 | 157.50 | NOTE | |||
r-devel-windows-x86_64 | 1.1.1 | 55.00 | 70.00 | 125.00 | OK | |
r-patched-linux-x86_64 | 1.1.1 | 62.34 | 35.87 | 98.21 | OK | |
r-release-linux-x86_64 | 1.1.1 | 65.40 | 36.32 | 101.72 | OK | |
r-release-macos-arm64 | 1.1.1 | 34.00 | OK | |||
r-release-macos-x86_64 | 1.1.1 | 40.00 | OK | |||
r-release-windows-x86_64 | 1.1.1 | 54.00 | 72.00 | 126.00 | OK | |
r-oldrel-macos-arm64 | 1.1.1 | 43.00 | OK | |||
r-oldrel-macos-x86_64 | 1.1.1 | 72.00 | OK | |||
r-oldrel-windows-x86_64 | 1.1.1 | 67.00 | 79.00 | 146.00 | OK |
Version: 1.1.1
Check: compiled code
Result: NOTE
File ‘grove/libs/grove.so’:
Found no calls to: ‘R_registerRoutines’, ‘R_useDynamicSymbols’
It is good practice to register native routines and to disable symbol
search.
See ‘Writing portable packages’ in the ‘Writing R Extensions’ manual.
Flavors: r-devel-linux-x86_64-fedora-clang, r-devel-linux-x86_64-fedora-gcc