Last updated on 2024-06-30 03:55:13 CEST.
Flavor | Version | Tinstall | Tcheck | Ttotal | Status | Flags |
---|---|---|---|---|---|---|
r-devel-linux-x86_64-debian-clang | 1.2.33 | 112.45 | 235.03 | 347.48 | OK | |
r-devel-linux-x86_64-debian-gcc | 1.2.33 | 70.84 | 165.84 | 236.68 | OK | |
r-devel-linux-x86_64-fedora-clang | 1.2.33 | 444.12 | OK | |||
r-devel-linux-x86_64-fedora-gcc | 1.2.33 | 426.06 | OK | |||
r-devel-windows-x86_64 | 1.2.33 | 80.00 | 153.00 | 233.00 | OK | |
r-patched-linux-x86_64 | 1.2.33 | 62.39 | 218.80 | 281.19 | OK | |
r-release-linux-x86_64 | 1.2.33 | 66.40 | 219.56 | 285.96 | OK | |
r-release-macos-arm64 | 1.2.33 | 84.00 | NOTE | |||
r-release-macos-x86_64 | 1.2.33 | 120.00 | NOTE | |||
r-release-windows-x86_64 | 1.2.33 | 80.00 | 155.00 | 235.00 | OK | |
r-oldrel-macos-arm64 | 1.2.33 | 96.00 | NOTE | |||
r-oldrel-macos-x86_64 | 1.2.33 | 213.00 | NOTE | |||
r-oldrel-windows-x86_64 | 1.2.33 | 106.00 | 207.00 | 313.00 | OK |
Version: 1.2.33
Check: installed package size
Result: NOTE
installed size is 6.0Mb
sub-directories of 1Mb or more:
extdata 2.6Mb
libs 3.3Mb
Flavors: r-release-macos-arm64, r-release-macos-x86_64, r-oldrel-macos-arm64, r-oldrel-macos-x86_64