Last updated on 2024-06-16 02:55:27 CEST.
Flavor | Version | Tinstall | Tcheck | Ttotal | Status | Flags |
---|---|---|---|---|---|---|
r-devel-linux-x86_64-debian-clang | 0.1.1 | 52.97 | 27.75 | 80.72 | OK | |
r-devel-linux-x86_64-debian-gcc | 0.1.1 | 42.19 | 21.62 | 63.81 | OK | |
r-devel-linux-x86_64-fedora-clang | 0.1.1 | 115.92 | OK | |||
r-devel-linux-x86_64-fedora-gcc | 0.1.1 | 124.27 | OK | |||
r-devel-windows-x86_64 | 0.1.1 | 48.00 | 64.00 | 112.00 | OK | |
r-patched-linux-x86_64 | 0.1.1 | 47.14 | 26.81 | 73.95 | OK | |
r-release-linux-x86_64 | 0.1.1 | 48.09 | 26.46 | 74.55 | OK | |
r-release-macos-arm64 | 0.1.1 | 29.00 | NOTE | |||
r-release-macos-x86_64 | 0.1.1 | 50.00 | NOTE | |||
r-release-windows-x86_64 | 0.1.1 | 46.00 | 66.00 | 112.00 | OK | |
r-oldrel-macos-arm64 | 0.1.1 | 39.00 | NOTE | |||
r-oldrel-macos-x86_64 | 0.1.1 | 75.00 | NOTE | |||
r-oldrel-windows-x86_64 | 0.1.1 | 42.00 | 71.00 | 113.00 | OK |
Version: 0.1.1
Check: installed package size
Result: NOTE
installed size is 5.1Mb
sub-directories of 1Mb or more:
libs 5.0Mb
Flavors: r-release-macos-arm64, r-release-macos-x86_64, r-oldrel-macos-arm64, r-oldrel-macos-x86_64