Last updated on 2024-06-30 03:55:14 CEST.
Flavor | Version | Tinstall | Tcheck | Ttotal | Status | Flags |
---|---|---|---|---|---|---|
r-devel-linux-x86_64-debian-clang | 0.2.2 | 34.77 | 30.36 | 65.13 | OK | |
r-devel-linux-x86_64-debian-gcc | 0.2.2 | 21.77 | 23.67 | 45.44 | OK | |
r-devel-linux-x86_64-fedora-clang | 0.2.2 | 90.32 | NOTE | |||
r-devel-linux-x86_64-fedora-gcc | 0.2.2 | 87.60 | NOTE | |||
r-devel-windows-x86_64 | 0.2.2 | 25.00 | 65.00 | 90.00 | OK | |
r-patched-linux-x86_64 | 0.2.2 | 25.29 | 29.92 | 55.21 | OK | |
r-release-linux-x86_64 | 0.2.2 | 27.95 | 30.03 | 57.98 | OK | |
r-release-macos-arm64 | 0.2.2 | 24.00 | OK | |||
r-release-macos-x86_64 | 0.2.2 | 39.00 | OK | |||
r-release-windows-x86_64 | 0.2.2 | 26.00 | 63.00 | 89.00 | OK | |
r-oldrel-macos-arm64 | 0.2.2 | 29.00 | OK | |||
r-oldrel-macos-x86_64 | 0.2.2 | 59.00 | OK | |||
r-oldrel-windows-x86_64 | 0.2.2 | 26.00 | 73.00 | 99.00 | OK |
Version: 0.2.2
Check: data for non-ASCII characters
Result: NOTE
Note: found 1475 marked UTF-8 strings
Flavors: r-devel-linux-x86_64-fedora-clang, r-devel-linux-x86_64-fedora-gcc