Last updated on 2024-07-16 15:48:13 CEST.
Flavor | Version | Tinstall | Tcheck | Ttotal | Status | Flags |
---|---|---|---|---|---|---|
r-devel-linux-x86_64-debian-clang | 0.8.0 | 14.51 | 323.75 | 338.26 | OK | |
r-devel-linux-x86_64-debian-gcc | 0.8.0 | 14.21 | 233.89 | 248.10 | OK | |
r-devel-linux-x86_64-fedora-clang | 0.8.0 | 285.72 | OK | |||
r-devel-linux-x86_64-fedora-gcc | 0.8.0 | 245.38 | OK | |||
r-devel-windows-x86_64 | 0.8.0 | 13.00 | 295.00 | 308.00 | OK | |
r-patched-linux-x86_64 | 0.7.2 | 11.98 | 304.65 | 316.63 | OK | |
r-release-linux-x86_64 | 0.8.0 | 10.69 | 314.53 | 325.22 | OK | |
r-release-macos-arm64 | 0.8.0 | 154.00 | OK | |||
r-release-macos-x86_64 | 0.8.0 | 396.00 | OK | |||
r-release-windows-x86_64 | 0.8.0 | 16.00 | 289.00 | 305.00 | OK | |
r-oldrel-macos-arm64 | 0.8.0 | 191.00 | ERROR | |||
r-oldrel-macos-x86_64 | 0.8.0 | 433.00 | ERROR | |||
r-oldrel-windows-x86_64 | 0.8.0 | 21.00 | 326.00 | 347.00 | OK |
Version: 0.8.0
Check: running R code from vignettes
Result: ERROR
Errors in running code in vignettes:
when running code in ‘ipums-api-nhgis.Rmd’
...
Shapefiles: us_county_2021_tl2021, us_county_2020_tl2020
> define_extract_nhgis(description = "Invalid extract",
+ datasets = ds_spec("1900_STF1", data_tables = "NP1"))
When sourcing ‘ipums-api-nhgis.R’:
Error: Invalid `ds_spec` specification:
✖ `geog_levels` must not contain missing values.
Execution halted
‘ipums-api-micro.Rmd’ using ‘UTF-8’... [1s/2s] OK
‘ipums-api-nhgis.Rmd’ using ‘UTF-8’... failed
‘ipums-api.Rmd’ using ‘UTF-8’... [2s/23s] OK
‘ipums-bigdata.Rmd’ using ‘UTF-8’... [2s/3s] OK
‘ipums-read.Rmd’ using ‘UTF-8’... [2s/3s] OK
‘ipums.Rmd’ using ‘UTF-8’... [1s/2s] OK
‘value-labels.Rmd’ using ‘UTF-8’... [1s/1s] OK
Flavor: r-oldrel-macos-arm64
Version: 0.8.0
Check: running R code from vignettes
Result: ERROR
Errors in running code in vignettes:
when running code in ‘ipums-api-nhgis.Rmd’
...
Shapefiles: us_county_2021_tl2021, us_county_2020_tl2020
> define_extract_nhgis(description = "Invalid extract",
+ datasets = ds_spec("1900_STF1", data_tables = "NP1"))
When sourcing ‘ipums-api-nhgis.R’:
Error: Invalid `ds_spec` specification:
✖ `geog_levels` must not contain missing values.
Execution halted
‘ipums-api-micro.Rmd’ using ‘UTF-8’... [3s/6s] OK
‘ipums-api-nhgis.Rmd’ using ‘UTF-8’... failed
‘ipums-api.Rmd’ using ‘UTF-8’... [5s/29s] OK
‘ipums-bigdata.Rmd’ using ‘UTF-8’... [4s/11s] OK
‘ipums-read.Rmd’ using ‘UTF-8’... [3s/9s] OK
‘ipums.Rmd’ using ‘UTF-8’... [3s/6s] OK
‘value-labels.Rmd’ using ‘UTF-8’... [2s/5s] OK
Flavor: r-oldrel-macos-x86_64