Last updated on 2024-06-30 03:55:14 CEST.
Flavor | Version | Tinstall | Tcheck | Ttotal | Status | Flags |
---|---|---|---|---|---|---|
r-devel-linux-x86_64-debian-clang | 1.0-4 | 28.62 | 279.32 | 307.94 | NOTE | |
r-devel-linux-x86_64-debian-gcc | 1.0-4 | 24.81 | 194.36 | 219.17 | NOTE | |
r-devel-linux-x86_64-fedora-clang | 1.0-4 | 381.71 | NOTE | |||
r-devel-linux-x86_64-fedora-gcc | 1.0-4 | 364.03 | NOTE | |||
r-devel-windows-x86_64 | 1.0-4 | 26.00 | 167.00 | 193.00 | NOTE | |
r-patched-linux-x86_64 | 1.0-4 | 22.86 | 262.13 | 284.99 | NOTE | |
r-release-linux-x86_64 | 1.0-4 | 30.56 | 267.18 | 297.74 | NOTE | |
r-release-macos-arm64 | 1.0-4 | 78.00 | NOTE | |||
r-release-macos-x86_64 | 1.0-4 | 146.00 | NOTE | |||
r-release-windows-x86_64 | 1.0-4 | 25.00 | 164.00 | 189.00 | NOTE | |
r-oldrel-macos-arm64 | 1.0-4 | 83.00 | OK | |||
r-oldrel-macos-x86_64 | 1.0-4 | 158.00 | OK | |||
r-oldrel-windows-x86_64 | 1.0-4 | 36.00 | 223.00 | 259.00 | OK |
Version: 1.0-4
Check: Rd files
Result: NOTE
checkRd: (-1) kissmig.Rd:32: Lost braces
32 | migration in species distribution models (\doi{10.1111/ecog.00930}{Nobis and Normand 2014}).
| ^
checkRd: (-1) kissmig.Rd:86: Lost braces
86 | \item{\doi{10.1111/ecog.00930}{Nobis MP and Normand S (2014)} KISSMig - a simple model for R to account for
| ^
Flavors: r-devel-linux-x86_64-debian-clang, r-devel-linux-x86_64-debian-gcc, r-devel-linux-x86_64-fedora-clang, r-devel-linux-x86_64-fedora-gcc, r-devel-windows-x86_64, r-patched-linux-x86_64, r-release-linux-x86_64, r-release-macos-arm64, r-release-macos-x86_64, r-release-windows-x86_64