Last updated on 2024-06-16 02:55:27 CEST.
Flavor | Version | Tinstall | Tcheck | Ttotal | Status | Flags |
---|---|---|---|---|---|---|
r-devel-linux-x86_64-debian-clang | 2.4.6.1 | 9.86 | 70.51 | 80.37 | OK | |
r-devel-linux-x86_64-debian-gcc | 2.4.6.1 | 9.07 | 53.14 | 62.21 | OK | |
r-devel-linux-x86_64-fedora-clang | 2.4.6.1 | 102.77 | NOTE | |||
r-devel-linux-x86_64-fedora-gcc | 2.4.6.1 | 98.08 | OK | |||
r-devel-windows-x86_64 | 2.4.6.1 | 11.00 | 78.00 | 89.00 | OK | |
r-patched-linux-x86_64 | 2.4.6.1 | 16.19 | 69.57 | 85.76 | OK | |
r-release-linux-x86_64 | 2.4.6.1 | 10.65 | 67.95 | 78.60 | OK | |
r-release-macos-arm64 | 2.4.6.1 | 44.00 | OK | |||
r-release-macos-x86_64 | 2.4.6.1 | 49.00 | OK | |||
r-release-windows-x86_64 | 2.4.6.1 | 14.00 | 74.00 | 88.00 | OK | |
r-oldrel-macos-arm64 | 2.4.6.1 | 40.00 | OK | |||
r-oldrel-macos-x86_64 | 2.4.6.1 | 69.00 | OK | |||
r-oldrel-windows-x86_64 | 2.4.6.1 | 13.00 | 81.00 | 94.00 | OK |
Version: 2.4.6.1
Check: Rd cross-references
Result: NOTE
Undeclared package ‘kml3d’ in Rd xrefs
Flavor: r-devel-linux-x86_64-fedora-clang