Last updated on 2024-06-30 03:55:15 CEST.
Flavor | Version | Tinstall | Tcheck | Ttotal | Status | Flags |
---|---|---|---|---|---|---|
r-devel-linux-x86_64-debian-clang | 3.11.1-2 | 925.35 | 25.21 | 950.56 | OK | |
r-devel-linux-x86_64-debian-gcc | 3.11.1-2 | 597.79 | 19.83 | 617.62 | OK | |
r-devel-linux-x86_64-fedora-clang | 3.11.1-2 | 1764.08 | OK | |||
r-devel-linux-x86_64-fedora-gcc | 3.11.1-2 | 1431.97 | OK | |||
r-devel-windows-x86_64 | 3.11.1-2 | 674.00 | 83.00 | 757.00 | OK | |
r-patched-linux-x86_64 | 3.11.1-2 | 733.41 | 24.85 | 758.26 | OK | |
r-release-linux-x86_64 | 3.11.1-2 | 759.15 | 24.65 | 783.80 | OK | |
r-release-macos-arm64 | 3.11.1-2 | 225.00 | NOTE | |||
r-release-macos-x86_64 | 3.11.1-2 | 172.00 | NOTE | |||
r-release-windows-x86_64 | 3.11.1-2 | 669.00 | 96.00 | 765.00 | OK | |
r-oldrel-macos-arm64 | 3.11.1-2 | 254.00 | NOTE | |||
r-oldrel-macos-x86_64 | 3.11.1-2 | 175.00 | NOTE | |||
r-oldrel-windows-x86_64 | 3.11.1-2 | 649.00 | 113.00 | 762.00 | OK |
Version: 3.11.1-2
Check: installed package size
Result: NOTE
installed size is 43.5Mb
sub-directories of 1Mb or more:
libs 43.3Mb
Flavors: r-release-macos-arm64, r-release-macos-x86_64, r-oldrel-macos-arm64, r-oldrel-macos-x86_64